{"id":522,"date":"2026-01-24T20:07:46","date_gmt":"2026-01-24T19:07:46","guid":{"rendered":"https:\/\/ezoco.eu\/ezoco-eu-biosynx\/?page_id=522"},"modified":"2026-01-26T16:24:09","modified_gmt":"2026-01-26T15:24:09","slug":"contacto-biosyncx","status":"publish","type":"page","link":"https:\/\/ezoco.eu\/ezoco-eu-biosynx\/?page_id=522","title":{"rendered":"Contacto"},"content":{"rendered":"\t\t<div data-elementor-type=\"wp-page\" data-elementor-id=\"522\" class=\"elementor elementor-522\" data-elementor-post-type=\"page\">\n\t\t\t\t<div class=\"elementor-element elementor-element-7d2265a e-flex e-con-boxed e-con e-parent\" data-id=\"7d2265a\" data-element_type=\"container\" data-e-type=\"container\">\n\t\t\t\t\t<div class=\"e-con-inner\">\n\t\t<div class=\"elementor-element elementor-element-0fd3fe2 e-con-full e-flex e-con e-child\" data-id=\"0fd3fe2\" data-element_type=\"container\" data-e-type=\"container\">\n\t\t\t\t<div class=\"elementor-element elementor-element-f750932 elementor-widget elementor-widget-theme-site-logo elementor-widget-image\" data-id=\"f750932\" data-element_type=\"widget\" data-e-type=\"widget\" data-widget_type=\"theme-site-logo.default\">\n\t\t\t\t\t\t\t\t\t\t\t<a href=\"https:\/\/ezoco.eu\/ezoco-eu-biosynx\">\n\t\t\t<img fetchpriority=\"high\" decoding=\"async\" width=\"1024\" height=\"1024\" src=\"https:\/\/ezoco.eu\/ezoco-eu-biosynx\/wp-content\/uploads\/sites\/137\/2025\/11\/Gemini_Generated_Image_3opoy03opoy03opo-1.png\" class=\"attachment-full size-full wp-image-31\" alt=\"BioSyncX\" srcset=\"https:\/\/ezoco.eu\/ezoco-eu-biosynx\/wp-content\/uploads\/sites\/137\/2025\/11\/Gemini_Generated_Image_3opoy03opoy03opo-1.png 1024w, https:\/\/ezoco.eu\/ezoco-eu-biosynx\/wp-content\/uploads\/sites\/137\/2025\/11\/Gemini_Generated_Image_3opoy03opoy03opo-1-600x600.png 600w, https:\/\/ezoco.eu\/ezoco-eu-biosynx\/wp-content\/uploads\/sites\/137\/2025\/11\/Gemini_Generated_Image_3opoy03opoy03opo-1-720x720.png 720w, https:\/\/ezoco.eu\/ezoco-eu-biosynx\/wp-content\/uploads\/sites\/137\/2025\/11\/Gemini_Generated_Image_3opoy03opoy03opo-1-300x300.png 300w, https:\/\/ezoco.eu\/ezoco-eu-biosynx\/wp-content\/uploads\/sites\/137\/2025\/11\/Gemini_Generated_Image_3opoy03opoy03opo-1-768x768.png 768w\" sizes=\"(max-width: 1024px) 100vw, 1024px\" \/>\t\t\t\t<\/a>\n\t\t\t\t\t\t\t\t\t\t\t<\/div>\n\t\t\t\t<\/div>\n\t\t<div class=\"elementor-element elementor-element-5471b44 e-con-full e-flex e-con e-child\" data-id=\"5471b44\" data-element_type=\"container\" data-e-type=\"container\">\n\t\t\t\t<div class=\"elementor-element elementor-element-cd61d70 elementor-nav-menu--dropdown-tablet elementor-nav-menu__text-align-aside elementor-nav-menu--toggle elementor-nav-menu--burger elementor-widget elementor-widget-nav-menu\" data-id=\"cd61d70\" data-element_type=\"widget\" data-e-type=\"widget\" data-settings=\"{&quot;layout&quot;:&quot;horizontal&quot;,&quot;submenu_icon&quot;:{&quot;value&quot;:&quot;&lt;svg aria-hidden=\\&quot;true\\&quot; class=\\&quot;e-font-icon-svg e-fas-caret-down\\&quot; viewBox=\\&quot;0 0 320 512\\&quot; xmlns=\\&quot;http:\\\/\\\/www.w3.org\\\/2000\\\/svg\\&quot;&gt;&lt;path d=\\&quot;M31.3 192h257.3c17.8 0 26.7 21.5 14.1 34.1L174.1 354.8c-7.8 7.8-20.5 7.8-28.3 0L17.2 226.1C4.6 213.5 13.5 192 31.3 192z\\&quot;&gt;&lt;\\\/path&gt;&lt;\\\/svg&gt;&quot;,&quot;library&quot;:&quot;fa-solid&quot;},&quot;toggle&quot;:&quot;burger&quot;}\" data-widget_type=\"nav-menu.default\">\n\t\t\t\t\t\t\t\t<nav aria-label=\"Menu\" class=\"elementor-nav-menu--main elementor-nav-menu__container elementor-nav-menu--layout-horizontal e--pointer-underline e--animation-fade\">\n\t\t\t\t<ul id=\"menu-1-cd61d70\" class=\"elementor-nav-menu\"><li class=\"menu-item menu-item-type-post_type menu-item-object-page menu-item-10\"><a class=\"elementor-item\" href=\"https:\/\/ezoco.eu\/ezoco-eu-biosynx\/?page_id=2\">Qui\u00e9nes somos<\/a><\/li>\n<li class=\"menu-item menu-item-type-post_type menu-item-object-page menu-item-429\"><a class=\"elementor-item\" href=\"https:\/\/ezoco.eu\/ezoco-eu-biosynx\/?page_id=334\">Equipo<\/a><\/li>\n<li class=\"menu-item menu-item-type-post_type menu-item-object-page current_page_parent menu-item-has-children menu-item-206\"><a class=\"elementor-item\" href=\"https:\/\/ezoco.eu\/ezoco-eu-biosynx\/?page_id=13\">Blog<\/a>\n<ul class=\"sub-menu elementor-nav-menu--dropdown\">\n\t<li class=\"menu-item menu-item-type-taxonomy menu-item-object-category menu-item-11\"><a class=\"elementor-sub-item\" href=\"https:\/\/ezoco.eu\/ezoco-eu-biosynx\/?cat=1\">Salud digital<\/a><\/li>\n<\/ul>\n<\/li>\n<li class=\"menu-item menu-item-type-post_type menu-item-object-page menu-item-has-children menu-item-168\"><a class=\"elementor-item\" href=\"https:\/\/ezoco.eu\/ezoco-eu-biosynx\/?page_id=58\">Tienda<\/a>\n<ul class=\"sub-menu elementor-nav-menu--dropdown\">\n\t<li class=\"menu-item menu-item-type-taxonomy menu-item-object-product_cat menu-item-has-children menu-item-289\"><a class=\"elementor-sub-item\" href=\"https:\/\/ezoco.eu\/ezoco-eu-biosynx\/?product_cat=biosyncx-salud\">Salud<\/a>\n\t<ul class=\"sub-menu elementor-nav-menu--dropdown\">\n\t\t<li class=\"menu-item menu-item-type-taxonomy menu-item-object-product_cat menu-item-491\"><a class=\"elementor-sub-item\" href=\"https:\/\/ezoco.eu\/ezoco-eu-biosynx\/?product_cat=pulseras-biosyncx\">Pulseras<\/a><\/li>\n\t\t<li class=\"menu-item menu-item-type-taxonomy menu-item-object-product_cat menu-item-492\"><a class=\"elementor-sub-item\" href=\"https:\/\/ezoco.eu\/ezoco-eu-biosynx\/?product_cat=suscripciones-app-biosyncx\">Suscripciones app<\/a><\/li>\n\t<\/ul>\n<\/li>\n\t<li class=\"menu-item menu-item-type-taxonomy menu-item-object-product_cat menu-item-504\"><a class=\"elementor-sub-item\" href=\"https:\/\/ezoco.eu\/ezoco-eu-biosynx\/?product_cat=merchandising-biosyncx\">Merchandising<\/a><\/li>\n<\/ul>\n<\/li>\n<li class=\"menu-item menu-item-type-post_type menu-item-object-page menu-item-602\"><a class=\"elementor-item\" href=\"https:\/\/ezoco.eu\/ezoco-eu-biosynx\/?page_id=522\">Contacto<\/a><\/li>\n<li class=\"menu-item menu-item-type-post_type menu-item-object-page menu-item-137\"><a class=\"elementor-item\" href=\"https:\/\/ezoco.eu\/ezoco-eu-biosynx\/?page_id=59\">Carrito<\/a><\/li>\n<\/ul>\t\t\t<\/nav>\n\t\t\t\t\t<div class=\"elementor-menu-toggle\" role=\"button\" tabindex=\"0\" aria-label=\"Menu Toggle\" aria-expanded=\"false\">\n\t\t\t<svg aria-hidden=\"true\" role=\"presentation\" class=\"elementor-menu-toggle__icon--open e-font-icon-svg e-eicon-menu-bar\" viewBox=\"0 0 1000 1000\" xmlns=\"http:\/\/www.w3.org\/2000\/svg\"><path d=\"M104 333H896C929 333 958 304 958 271S929 208 896 208H104C71 208 42 237 42 271S71 333 104 333ZM104 583H896C929 583 958 554 958 521S929 458 896 458H104C71 458 42 487 42 521S71 583 104 583ZM104 833H896C929 833 958 804 958 771S929 708 896 708H104C71 708 42 737 42 771S71 833 104 833Z\"><\/path><\/svg><svg aria-hidden=\"true\" role=\"presentation\" class=\"elementor-menu-toggle__icon--close e-font-icon-svg e-eicon-close\" viewBox=\"0 0 1000 1000\" xmlns=\"http:\/\/www.w3.org\/2000\/svg\"><path d=\"M742 167L500 408 258 167C246 154 233 150 217 150 196 150 179 158 167 167 154 179 150 196 150 212 150 229 154 242 171 254L408 500 167 742C138 771 138 800 167 829 196 858 225 858 254 829L496 587 738 829C750 842 767 846 783 846 800 846 817 842 829 829 842 817 846 804 846 783 846 767 842 750 829 737L588 500 833 258C863 229 863 200 833 171 804 137 775 137 742 167Z\"><\/path><\/svg>\t\t<\/div>\n\t\t\t\t\t<nav class=\"elementor-nav-menu--dropdown elementor-nav-menu__container\" aria-hidden=\"true\">\n\t\t\t\t<ul id=\"menu-2-cd61d70\" class=\"elementor-nav-menu\"><li class=\"menu-item menu-item-type-post_type menu-item-object-page menu-item-10\"><a class=\"elementor-item\" href=\"https:\/\/ezoco.eu\/ezoco-eu-biosynx\/?page_id=2\" tabindex=\"-1\">Qui\u00e9nes somos<\/a><\/li>\n<li class=\"menu-item menu-item-type-post_type menu-item-object-page menu-item-429\"><a class=\"elementor-item\" href=\"https:\/\/ezoco.eu\/ezoco-eu-biosynx\/?page_id=334\" tabindex=\"-1\">Equipo<\/a><\/li>\n<li class=\"menu-item menu-item-type-post_type menu-item-object-page current_page_parent menu-item-has-children menu-item-206\"><a class=\"elementor-item\" href=\"https:\/\/ezoco.eu\/ezoco-eu-biosynx\/?page_id=13\" tabindex=\"-1\">Blog<\/a>\n<ul class=\"sub-menu elementor-nav-menu--dropdown\">\n\t<li class=\"menu-item menu-item-type-taxonomy menu-item-object-category menu-item-11\"><a class=\"elementor-sub-item\" href=\"https:\/\/ezoco.eu\/ezoco-eu-biosynx\/?cat=1\" tabindex=\"-1\">Salud digital<\/a><\/li>\n<\/ul>\n<\/li>\n<li class=\"menu-item menu-item-type-post_type menu-item-object-page menu-item-has-children menu-item-168\"><a class=\"elementor-item\" href=\"https:\/\/ezoco.eu\/ezoco-eu-biosynx\/?page_id=58\" tabindex=\"-1\">Tienda<\/a>\n<ul class=\"sub-menu elementor-nav-menu--dropdown\">\n\t<li class=\"menu-item menu-item-type-taxonomy menu-item-object-product_cat menu-item-has-children menu-item-289\"><a class=\"elementor-sub-item\" href=\"https:\/\/ezoco.eu\/ezoco-eu-biosynx\/?product_cat=biosyncx-salud\" tabindex=\"-1\">Salud<\/a>\n\t<ul class=\"sub-menu elementor-nav-menu--dropdown\">\n\t\t<li class=\"menu-item menu-item-type-taxonomy menu-item-object-product_cat menu-item-491\"><a class=\"elementor-sub-item\" href=\"https:\/\/ezoco.eu\/ezoco-eu-biosynx\/?product_cat=pulseras-biosyncx\" tabindex=\"-1\">Pulseras<\/a><\/li>\n\t\t<li class=\"menu-item menu-item-type-taxonomy menu-item-object-product_cat menu-item-492\"><a class=\"elementor-sub-item\" href=\"https:\/\/ezoco.eu\/ezoco-eu-biosynx\/?product_cat=suscripciones-app-biosyncx\" tabindex=\"-1\">Suscripciones app<\/a><\/li>\n\t<\/ul>\n<\/li>\n\t<li class=\"menu-item menu-item-type-taxonomy menu-item-object-product_cat menu-item-504\"><a class=\"elementor-sub-item\" href=\"https:\/\/ezoco.eu\/ezoco-eu-biosynx\/?product_cat=merchandising-biosyncx\" tabindex=\"-1\">Merchandising<\/a><\/li>\n<\/ul>\n<\/li>\n<li class=\"menu-item menu-item-type-post_type menu-item-object-page menu-item-602\"><a class=\"elementor-item\" href=\"https:\/\/ezoco.eu\/ezoco-eu-biosynx\/?page_id=522\" tabindex=\"-1\">Contacto<\/a><\/li>\n<li class=\"menu-item menu-item-type-post_type menu-item-object-page menu-item-137\"><a class=\"elementor-item\" href=\"https:\/\/ezoco.eu\/ezoco-eu-biosynx\/?page_id=59\" tabindex=\"-1\">Carrito<\/a><\/li>\n<\/ul>\t\t\t<\/nav>\n\t\t\t\t\t\t<\/div>\n\t\t\t\t<\/div>\n\t\t\t\t\t<\/div>\n\t\t\t\t<\/div>\n\t\t<div class=\"elementor-element elementor-element-2ecc8ef e-flex e-con-boxed e-con e-parent\" data-id=\"2ecc8ef\" data-element_type=\"container\" data-e-type=\"container\">\n\t\t\t\t\t<div class=\"e-con-inner\">\n\t\t\t\t<div class=\"elementor-element elementor-element-dcaef29 elementor-widget elementor-widget-heading\" data-id=\"dcaef29\" data-element_type=\"widget\" data-e-type=\"widget\" data-widget_type=\"heading.default\">\n\t\t\t\t\t<h2 class=\"elementor-heading-title elementor-size-default\">Contacto<\/h2>\t\t\t\t<\/div>\n\t\t\t\t\t<\/div>\n\t\t\t\t<\/div>\n\t\t<div class=\"elementor-element elementor-element-8f03985 e-flex e-con-boxed e-con e-parent\" data-id=\"8f03985\" data-element_type=\"container\" data-e-type=\"container\">\n\t\t\t\t\t<div class=\"e-con-inner\">\n\t\t<div class=\"elementor-element elementor-element-32012e7 e-con-full e-flex e-con e-child\" data-id=\"32012e7\" data-element_type=\"container\" data-e-type=\"container\">\n\t\t\t\t<div class=\"elementor-element elementor-element-96f127f elementor-widget elementor-widget-heading\" data-id=\"96f127f\" data-element_type=\"widget\" data-e-type=\"widget\" data-widget_type=\"heading.default\">\n\t\t\t\t\t<h2 class=\"elementor-heading-title elementor-size-default\">Dejanos tu mensaje<\/h2>\t\t\t\t<\/div>\n\t\t\t\t<div class=\"elementor-element elementor-element-70e6e19 elementor-widget elementor-widget-text-editor\" data-id=\"70e6e19\" data-element_type=\"widget\" data-e-type=\"widget\" data-widget_type=\"text-editor.default\">\n\t\t\t\t\t\t\t\t\t<p>Si desea m\u00e1s informaci\u00f3n sobre BioSyncX, resolver cualquier duda o conocer c\u00f3mo podemos ayudarle, no dude en contactarnos.<\/p><p>\u00a0<\/p><p>\u00a1El equipo de BioSyncX estar\u00e1 encantado de atenderle y acompa\u00f1arle en cada paso.!<\/p>\t\t\t\t\t\t\t\t<\/div>\n\t\t\t\t<div class=\"elementor-element elementor-element-ec09504 elementor-widget-divider--view-line elementor-widget elementor-widget-divider\" data-id=\"ec09504\" data-element_type=\"widget\" data-e-type=\"widget\" data-widget_type=\"divider.default\">\n\t\t\t\t\t\t\t<div class=\"elementor-divider\">\n\t\t\t<span class=\"elementor-divider-separator\">\n\t\t\t\t\t\t<\/span>\n\t\t<\/div>\n\t\t\t\t\t\t<\/div>\n\t\t\t\t<div class=\"elementor-element elementor-element-7d4731c elementor-widget elementor-widget-text-editor\" data-id=\"7d4731c\" data-element_type=\"widget\" data-e-type=\"widget\" data-widget_type=\"text-editor.default\">\n\t\t\t\t\t\t\t\t\t<p><strong>Gmail:<\/strong> biosyncxb@gmail.com<\/p><p><br><\/p>\n<p><\/p>\n<p><strong>Tel\u00e9fono:<\/strong> +34 612 845 973<\/p>\t\t\t\t\t\t\t\t<\/div>\n\t\t\t\t<div class=\"elementor-element elementor-element-7d3f87b elementor-widget-divider--view-line elementor-widget elementor-widget-divider\" data-id=\"7d3f87b\" data-element_type=\"widget\" data-e-type=\"widget\" data-widget_type=\"divider.default\">\n\t\t\t\t\t\t\t<div class=\"elementor-divider\">\n\t\t\t<span class=\"elementor-divider-separator\">\n\t\t\t\t\t\t<\/span>\n\t\t<\/div>\n\t\t\t\t\t\t<\/div>\n\t\t\t\t<\/div>\n\t\t<div class=\"elementor-element elementor-element-6fa9afa e-con-full e-flex e-con e-child\" data-id=\"6fa9afa\" data-element_type=\"container\" data-e-type=\"container\">\n\t\t\t\t<div class=\"elementor-element elementor-element-079989e elementor-button-align-stretch elementor-widget elementor-widget-form\" data-id=\"079989e\" data-element_type=\"widget\" data-e-type=\"widget\" data-settings=\"{&quot;step_next_label&quot;:&quot;Next&quot;,&quot;step_previous_label&quot;:&quot;Previous&quot;,&quot;button_width&quot;:&quot;100&quot;,&quot;step_type&quot;:&quot;number_text&quot;,&quot;step_icon_shape&quot;:&quot;circle&quot;}\" data-widget_type=\"form.default\">\n\t\t\t\t\t\t\t<form class=\"elementor-form\" method=\"post\" name=\"New Form\" aria-label=\"New Form\">\n\t\t\t<input type=\"hidden\" name=\"post_id\" value=\"522\"\/>\n\t\t\t<input type=\"hidden\" name=\"form_id\" value=\"079989e\"\/>\n\t\t\t<input type=\"hidden\" name=\"referer_title\" value=\"Contacto BioSyncX\" \/>\n\n\t\t\t\t\t\t\t<input type=\"hidden\" name=\"queried_id\" value=\"522\"\/>\n\t\t\t\n\t\t\t<div class=\"elementor-form-fields-wrapper elementor-labels-above\">\n\t\t\t\t\t\t\t\t<div class=\"elementor-field-type-text elementor-field-group elementor-column elementor-field-group-name elementor-col-100\">\n\t\t\t\t\t\t\t\t\t\t\t\t<label for=\"form-field-name\" class=\"elementor-field-label\">\n\t\t\t\t\t\t\t\tNombre\t\t\t\t\t\t\t<\/label>\n\t\t\t\t\t\t\t\t\t\t\t\t\t\t<input size=\"1\" type=\"text\" name=\"form_fields[name]\" id=\"form-field-name\" class=\"elementor-field elementor-size-xl  elementor-field-textual\" placeholder=\"Nombre\">\n\t\t\t\t\t\t\t\t\t\t\t<\/div>\n\t\t\t\t\t\t\t\t<div class=\"elementor-field-type-email elementor-field-group elementor-column elementor-field-group-email elementor-col-100 elementor-field-required\">\n\t\t\t\t\t\t\t\t\t\t\t\t<label for=\"form-field-email\" class=\"elementor-field-label\">\n\t\t\t\t\t\t\t\tEmail\t\t\t\t\t\t\t<\/label>\n\t\t\t\t\t\t\t\t\t\t\t\t\t\t<input size=\"1\" type=\"email\" name=\"form_fields[email]\" id=\"form-field-email\" class=\"elementor-field elementor-size-xl  elementor-field-textual\" placeholder=\"Email\" required=\"required\">\n\t\t\t\t\t\t\t\t\t\t\t<\/div>\n\t\t\t\t\t\t\t\t<div class=\"elementor-field-type-textarea elementor-field-group elementor-column elementor-field-group-message elementor-col-100\">\n\t\t\t\t\t\t\t\t\t\t\t\t<label for=\"form-field-message\" class=\"elementor-field-label\">\n\t\t\t\t\t\t\t\tMensaje\t\t\t\t\t\t\t<\/label>\n\t\t\t\t\t\t<textarea class=\"elementor-field-textual elementor-field  elementor-size-xl\" name=\"form_fields[message]\" id=\"form-field-message\" rows=\"4\" placeholder=\"Mensaje\"><\/textarea>\t\t\t\t<\/div>\n\t\t\t\t\t\t\t\t<div class=\"elementor-field-group elementor-column elementor-field-type-submit elementor-col-100 e-form__buttons\">\n\t\t\t\t\t<button class=\"elementor-button elementor-size-sm\" type=\"submit\">\n\t\t\t\t\t\t<span class=\"elementor-button-content-wrapper\">\n\t\t\t\t\t\t\t\t\t\t\t\t\t\t\t\t\t\t\t\t\t\t<span class=\"elementor-button-text\">Send<\/span>\n\t\t\t\t\t\t\t\t\t\t\t\t\t<\/span>\n\t\t\t\t\t<\/button>\n\t\t\t\t<\/div>\n\t\t\t<\/div>\n\t\t<\/form>\n\t\t\t\t\t\t<\/div>\n\t\t\t\t<\/div>\n\t\t\t\t\t<\/div>\n\t\t\t\t<\/div>\n\t\t<div class=\"elementor-element elementor-element-c52f898 e-flex e-con-boxed e-con e-parent\" data-id=\"c52f898\" data-element_type=\"container\" data-e-type=\"container\">\n\t\t\t\t\t<div class=\"e-con-inner\">\n\t\t\t\t<div class=\"elementor-element elementor-element-bd2da2f elementor-widget__width-initial elementor-widget elementor-widget-google_maps\" data-id=\"bd2da2f\" data-element_type=\"widget\" data-e-type=\"widget\" data-widget_type=\"google_maps.default\">\n\t\t\t\t\t\t\t<div class=\"elementor-custom-embed\">\n\t\t\t<iframe loading=\"lazy\"\n\t\t\t\t\tsrc=\"https:\/\/maps.google.com\/maps?q=Granada%20C.%20gran%20via%20de%20colon&#038;t=m&#038;z=16&#038;output=embed&#038;iwloc=near\"\n\t\t\t\t\ttitle=\"Granada C. gran via de colon\"\n\t\t\t\t\taria-label=\"Granada C. gran via de colon\"\n\t\t\t><\/iframe>\n\t\t<\/div>\n\t\t\t\t\t\t<\/div>\n\t\t\t\t\t<\/div>\n\t\t\t\t<\/div>\n\t\t\t\t<\/div>\n\t\t","protected":false},"excerpt":{"rendered":"<p>Contacto Dejanos tu mensaje Si desea m\u00e1s informaci\u00f3n sobre BioSyncX, resolver cualquier duda o conocer c\u00f3mo podemos ayudarle, no dude en contactarnos. \u00a0 \u00a1El equipo de BioSyncX estar\u00e1 encantado de atenderle y acompa\u00f1arle en cada paso.! Gmail: biosyncxb@gmail.com Tel\u00e9fono: +34 612 845 973<\/p>\n","protected":false},"author":172,"featured_media":0,"parent":0,"menu_order":0,"comment_status":"closed","ping_status":"closed","template":"elementor_canvas","meta":{"inline_featured_image":false,"_genesis_hide_title":false,"_genesis_hide_breadcrumbs":false,"_genesis_hide_singular_image":false,"_genesis_hide_footer_widgets":false,"_genesis_custom_body_class":"","_genesis_custom_post_class":"","_genesis_layout":"","footnotes":""},"class_list":{"0":"post-522","1":"page","2":"type-page","3":"status-publish","5":"entry"},"yoast_head":"<!-- This site is optimized with the Yoast SEO plugin v27.2 - https:\/\/yoast.com\/product\/yoast-seo-wordpress\/ -->\n<title>Contacto BioSyncX<\/title>\n<meta name=\"description\" content=\"Contacta con BioSyncX para resolver tus dudas, solicitar informaci\u00f3n o comunicarte con nuestro equipo. Estamos aqu\u00ed para ayudarte.\" \/>\n<meta name=\"robots\" content=\"index, follow, max-snippet:-1, max-image-preview:large, max-video-preview:-1\" \/>\n<link rel=\"canonical\" href=\"https:\/\/ezoco.eu\/ezoco-eu-biosynx\/?page_id=522\" \/>\n<meta property=\"og:locale\" content=\"es_ES\" \/>\n<meta property=\"og:type\" content=\"article\" \/>\n<meta property=\"og:title\" content=\"Contacto BioSyncX\" \/>\n<meta property=\"og:description\" content=\"Contacta con BioSyncX para resolver tus dudas, solicitar informaci\u00f3n o comunicarte con nuestro equipo. Estamos aqu\u00ed para ayudarte.\" \/>\n<meta property=\"og:url\" content=\"https:\/\/ezoco.eu\/ezoco-eu-biosynx\/?page_id=522\" \/>\n<meta property=\"og:site_name\" content=\"BioSyncX\" \/>\n<meta property=\"article:modified_time\" content=\"2026-01-26T15:24:09+00:00\" \/>\n<meta name=\"twitter:card\" content=\"summary_large_image\" \/>\n<meta name=\"twitter:label1\" content=\"Tiempo de lectura\" \/>\n\t<meta name=\"twitter:data1\" content=\"1 minuto\" \/>\n<script type=\"application\/ld+json\" class=\"yoast-schema-graph\">{\"@context\":\"https:\/\/schema.org\",\"@graph\":[{\"@type\":\"WebPage\",\"@id\":\"https:\/\/ezoco.eu\/ezoco-eu-biosynx\/?page_id=522\",\"url\":\"https:\/\/ezoco.eu\/ezoco-eu-biosynx\/?page_id=522\",\"name\":\"Contacto BioSyncX\",\"isPartOf\":{\"@id\":\"https:\/\/ezoco.eu\/ezoco-eu-biosynx\/#website\"},\"datePublished\":\"2026-01-24T19:07:46+00:00\",\"dateModified\":\"2026-01-26T15:24:09+00:00\",\"description\":\"Contacta con BioSyncX para resolver tus dudas, solicitar informaci\u00f3n o comunicarte con nuestro equipo. Estamos aqu\u00ed para ayudarte.\",\"breadcrumb\":{\"@id\":\"https:\/\/ezoco.eu\/ezoco-eu-biosynx\/?page_id=522#breadcrumb\"},\"inLanguage\":\"es\",\"potentialAction\":[{\"@type\":\"ReadAction\",\"target\":[\"https:\/\/ezoco.eu\/ezoco-eu-biosynx\/?page_id=522\"]}]},{\"@type\":\"BreadcrumbList\",\"@id\":\"https:\/\/ezoco.eu\/ezoco-eu-biosynx\/?page_id=522#breadcrumb\",\"itemListElement\":[{\"@type\":\"ListItem\",\"position\":1,\"name\":\"Portada\",\"item\":\"https:\/\/ezoco.eu\/ezoco-eu-biosynx\/\"},{\"@type\":\"ListItem\",\"position\":2,\"name\":\"Contacto\"}]},{\"@type\":\"WebSite\",\"@id\":\"https:\/\/ezoco.eu\/ezoco-eu-biosynx\/#website\",\"url\":\"https:\/\/ezoco.eu\/ezoco-eu-biosynx\/\",\"name\":\"BioSyncX\",\"description\":\"\",\"publisher\":{\"@id\":\"https:\/\/ezoco.eu\/ezoco-eu-biosynx\/#organization\"},\"potentialAction\":[{\"@type\":\"SearchAction\",\"target\":{\"@type\":\"EntryPoint\",\"urlTemplate\":\"https:\/\/ezoco.eu\/ezoco-eu-biosynx\/?s={search_term_string}\"},\"query-input\":{\"@type\":\"PropertyValueSpecification\",\"valueRequired\":true,\"valueName\":\"search_term_string\"}}],\"inLanguage\":\"es\"},{\"@type\":\"Organization\",\"@id\":\"https:\/\/ezoco.eu\/ezoco-eu-biosynx\/#organization\",\"name\":\"BioSyncX\",\"url\":\"https:\/\/ezoco.eu\/ezoco-eu-biosynx\/\",\"logo\":{\"@type\":\"ImageObject\",\"inLanguage\":\"es\",\"@id\":\"https:\/\/ezoco.eu\/ezoco-eu-biosynx\/#\/schema\/logo\/image\/\",\"url\":\"https:\/\/ezoco.eu\/ezoco-eu-biosynx\/wp-content\/uploads\/sites\/137\/2025\/11\/Gemini_Generated_Image_3opoy03opoy03opo-1.png\",\"contentUrl\":\"https:\/\/ezoco.eu\/ezoco-eu-biosynx\/wp-content\/uploads\/sites\/137\/2025\/11\/Gemini_Generated_Image_3opoy03opoy03opo-1.png\",\"width\":1024,\"height\":1024,\"caption\":\"BioSyncX\"},\"image\":{\"@id\":\"https:\/\/ezoco.eu\/ezoco-eu-biosynx\/#\/schema\/logo\/image\/\"}}]}<\/script>\n<!-- \/ Yoast SEO plugin. -->","yoast_head_json":{"title":"Contacto BioSyncX","description":"Contacta con BioSyncX para resolver tus dudas, solicitar informaci\u00f3n o comunicarte con nuestro equipo. Estamos aqu\u00ed para ayudarte.","robots":{"index":"index","follow":"follow","max-snippet":"max-snippet:-1","max-image-preview":"max-image-preview:large","max-video-preview":"max-video-preview:-1"},"canonical":"https:\/\/ezoco.eu\/ezoco-eu-biosynx\/?page_id=522","og_locale":"es_ES","og_type":"article","og_title":"Contacto BioSyncX","og_description":"Contacta con BioSyncX para resolver tus dudas, solicitar informaci\u00f3n o comunicarte con nuestro equipo. Estamos aqu\u00ed para ayudarte.","og_url":"https:\/\/ezoco.eu\/ezoco-eu-biosynx\/?page_id=522","og_site_name":"BioSyncX","article_modified_time":"2026-01-26T15:24:09+00:00","twitter_card":"summary_large_image","twitter_misc":{"Tiempo de lectura":"1 minuto"},"schema":{"@context":"https:\/\/schema.org","@graph":[{"@type":"WebPage","@id":"https:\/\/ezoco.eu\/ezoco-eu-biosynx\/?page_id=522","url":"https:\/\/ezoco.eu\/ezoco-eu-biosynx\/?page_id=522","name":"Contacto BioSyncX","isPartOf":{"@id":"https:\/\/ezoco.eu\/ezoco-eu-biosynx\/#website"},"datePublished":"2026-01-24T19:07:46+00:00","dateModified":"2026-01-26T15:24:09+00:00","description":"Contacta con BioSyncX para resolver tus dudas, solicitar informaci\u00f3n o comunicarte con nuestro equipo. Estamos aqu\u00ed para ayudarte.","breadcrumb":{"@id":"https:\/\/ezoco.eu\/ezoco-eu-biosynx\/?page_id=522#breadcrumb"},"inLanguage":"es","potentialAction":[{"@type":"ReadAction","target":["https:\/\/ezoco.eu\/ezoco-eu-biosynx\/?page_id=522"]}]},{"@type":"BreadcrumbList","@id":"https:\/\/ezoco.eu\/ezoco-eu-biosynx\/?page_id=522#breadcrumb","itemListElement":[{"@type":"ListItem","position":1,"name":"Portada","item":"https:\/\/ezoco.eu\/ezoco-eu-biosynx\/"},{"@type":"ListItem","position":2,"name":"Contacto"}]},{"@type":"WebSite","@id":"https:\/\/ezoco.eu\/ezoco-eu-biosynx\/#website","url":"https:\/\/ezoco.eu\/ezoco-eu-biosynx\/","name":"BioSyncX","description":"","publisher":{"@id":"https:\/\/ezoco.eu\/ezoco-eu-biosynx\/#organization"},"potentialAction":[{"@type":"SearchAction","target":{"@type":"EntryPoint","urlTemplate":"https:\/\/ezoco.eu\/ezoco-eu-biosynx\/?s={search_term_string}"},"query-input":{"@type":"PropertyValueSpecification","valueRequired":true,"valueName":"search_term_string"}}],"inLanguage":"es"},{"@type":"Organization","@id":"https:\/\/ezoco.eu\/ezoco-eu-biosynx\/#organization","name":"BioSyncX","url":"https:\/\/ezoco.eu\/ezoco-eu-biosynx\/","logo":{"@type":"ImageObject","inLanguage":"es","@id":"https:\/\/ezoco.eu\/ezoco-eu-biosynx\/#\/schema\/logo\/image\/","url":"https:\/\/ezoco.eu\/ezoco-eu-biosynx\/wp-content\/uploads\/sites\/137\/2025\/11\/Gemini_Generated_Image_3opoy03opoy03opo-1.png","contentUrl":"https:\/\/ezoco.eu\/ezoco-eu-biosynx\/wp-content\/uploads\/sites\/137\/2025\/11\/Gemini_Generated_Image_3opoy03opoy03opo-1.png","width":1024,"height":1024,"caption":"BioSyncX"},"image":{"@id":"https:\/\/ezoco.eu\/ezoco-eu-biosynx\/#\/schema\/logo\/image\/"}}]}},"_links":{"self":[{"href":"https:\/\/ezoco.eu\/ezoco-eu-biosynx\/index.php?rest_route=\/wp\/v2\/pages\/522","targetHints":{"allow":["GET"]}}],"collection":[{"href":"https:\/\/ezoco.eu\/ezoco-eu-biosynx\/index.php?rest_route=\/wp\/v2\/pages"}],"about":[{"href":"https:\/\/ezoco.eu\/ezoco-eu-biosynx\/index.php?rest_route=\/wp\/v2\/types\/page"}],"author":[{"embeddable":true,"href":"https:\/\/ezoco.eu\/ezoco-eu-biosynx\/index.php?rest_route=\/wp\/v2\/users\/172"}],"replies":[{"embeddable":true,"href":"https:\/\/ezoco.eu\/ezoco-eu-biosynx\/index.php?rest_route=%2Fwp%2Fv2%2Fcomments&post=522"}],"version-history":[{"count":89,"href":"https:\/\/ezoco.eu\/ezoco-eu-biosynx\/index.php?rest_route=\/wp\/v2\/pages\/522\/revisions"}],"predecessor-version":[{"id":680,"href":"https:\/\/ezoco.eu\/ezoco-eu-biosynx\/index.php?rest_route=\/wp\/v2\/pages\/522\/revisions\/680"}],"wp:attachment":[{"href":"https:\/\/ezoco.eu\/ezoco-eu-biosynx\/index.php?rest_route=%2Fwp%2Fv2%2Fmedia&parent=522"}],"curies":[{"name":"wp","href":"https:\/\/api.w.org\/{rel}","templated":true}]}}