{"id":207,"date":"2026-01-20T20:55:14","date_gmt":"2026-01-20T19:55:14","guid":{"rendered":"https:\/\/ezoco.eu\/ezoco-eu-biosynx\/?post_type=product&#038;p=207"},"modified":"2026-01-25T23:11:36","modified_gmt":"2026-01-25T22:11:36","slug":"pulsera-ancha-biosyncx","status":"publish","type":"product","link":"https:\/\/ezoco.eu\/ezoco-eu-biosynx\/?product=pulsera-ancha-biosyncx","title":{"rendered":"Pulsera ancha"},"content":{"rendered":"<p>La Pulsera BioSyncX modelo ancho representa la evoluci\u00f3n del bienestar digital combinado con un dise\u00f1o robusto y sofisticado.<\/p>\n<p>Equipada con una pantalla curva envolvente de alta resoluci\u00f3n, permite una visualizaci\u00f3n inmersiva de las constantes vitales en tiempo real. Su avanzada tecnolog\u00eda de biosensores ofrece lecturas precisas y continuas, mientras el sistema de iluminaci\u00f3n LED inteligente notifica de forma intuitiva tu estado f\u00edsico y nivel de estr\u00e9s.<\/p>\n<p>El acabado premium con correa de textura tipo fibra de carbono y detalles met\u00e1licos convierte esta pulsera en una extensi\u00f3n natural de tu estilo personal.<\/p>\n<p>Caracter\u00edsticas destacadas:<\/p>\n<ul>\n<li>Pantalla curva panor\u00e1mica<\/li>\n<li>Biosensores de alta precisi\u00f3n<\/li>\n<li>Iluminaci\u00f3n LED inteligente<\/li>\n<li>Dise\u00f1o ancho premium<\/li>\n<li>Conectividad total con BioSyncX App<\/li>\n<\/ul>\n<p>Una pulsera pensada para quienes desean m\u00e1xima visibilidad, potencia tecnol\u00f3gica y presencia est\u00e9tica.<\/p>\n","protected":false},"excerpt":{"rendered":"<p>Pulsera inteligente BioSyncX de dise\u00f1o ancho con pantalla curva envolvente. Monitoreo avanzado de constantes vitales y estilo premium.<\/p>\n","protected":false},"featured_media":208,"comment_status":"open","ping_status":"closed","template":"","meta":{"inline_featured_image":false,"_genesis_hide_title":false,"_genesis_hide_breadcrumbs":false,"_genesis_hide_singular_image":false,"_genesis_hide_footer_widgets":false,"_genesis_custom_body_class":"","_genesis_custom_post_class":"","_genesis_layout":""},"product_brand":[],"product_cat":[22,19],"product_tag":[],"class_list":{"0":"post-207","1":"product","2":"type-product","3":"status-publish","4":"has-post-thumbnail","6":"product_cat-pulseras-biosyncx","7":"product_cat-biosyncx-salud","8":"entry","10":"first","11":"instock","12":"taxable","13":"shipping-taxable","14":"purchasable","15":"product-type-variable"},"yoast_head":"<!-- This site is optimized with the Yoast SEO plugin v27.2 - https:\/\/yoast.com\/product\/yoast-seo-wordpress\/ -->\n<title>Pulsera ancha BioSyncX tienda<\/title>\n<meta name=\"description\" content=\"Pulsera inteligente BioSyncX de dise\u00f1o ancho con pantalla curva envolvente. Monitoreo avanzado de constantes vitales y estilo premium.\" \/>\n<meta name=\"robots\" content=\"index, follow, max-snippet:-1, max-image-preview:large, max-video-preview:-1\" \/>\n<link rel=\"canonical\" href=\"https:\/\/ezoco.eu\/ezoco-eu-biosynx\/?product=pulsera-ancha-biosyncx\" \/>\n<meta property=\"og:locale\" content=\"es_ES\" \/>\n<meta property=\"og:type\" content=\"article\" \/>\n<meta property=\"og:title\" content=\"Pulsera ancha BioSyncX tienda\" \/>\n<meta property=\"og:description\" content=\"Pulsera inteligente BioSyncX de dise\u00f1o ancho con pantalla curva envolvente. Monitoreo avanzado de constantes vitales y estilo premium.\" \/>\n<meta property=\"og:url\" content=\"https:\/\/ezoco.eu\/ezoco-eu-biosynx\/?product=pulsera-ancha-biosyncx\" \/>\n<meta property=\"og:site_name\" content=\"BioSyncX\" \/>\n<meta property=\"article:modified_time\" content=\"2026-01-25T22:11:36+00:00\" \/>\n<meta property=\"og:image\" content=\"http:\/\/ezoco.eu\/ezoco-eu-biosynx\/wp-content\/uploads\/sites\/137\/2026\/01\/Gemini_Generated_Image_a56kvea56kvea56k.png\" \/>\n\t<meta property=\"og:image:width\" content=\"1024\" \/>\n\t<meta property=\"og:image:height\" content=\"1024\" \/>\n\t<meta property=\"og:image:type\" content=\"image\/png\" \/>\n<meta name=\"twitter:card\" content=\"summary_large_image\" \/>\n<meta name=\"twitter:label1\" content=\"Tiempo de lectura\" \/>\n\t<meta name=\"twitter:data1\" content=\"1 minuto\" \/>\n<script type=\"application\/ld+json\" class=\"yoast-schema-graph\">{\"@context\":\"https:\/\/schema.org\",\"@graph\":[{\"@type\":\"WebPage\",\"@id\":\"https:\/\/ezoco.eu\/ezoco-eu-biosynx\/?product=pulsera-ancha-biosyncx\",\"url\":\"https:\/\/ezoco.eu\/ezoco-eu-biosynx\/?product=pulsera-ancha-biosyncx\",\"name\":\"Pulsera ancha BioSyncX tienda\",\"isPartOf\":{\"@id\":\"https:\/\/ezoco.eu\/ezoco-eu-biosynx\/#website\"},\"primaryImageOfPage\":{\"@id\":\"https:\/\/ezoco.eu\/ezoco-eu-biosynx\/?product=pulsera-ancha-biosyncx#primaryimage\"},\"image\":{\"@id\":\"https:\/\/ezoco.eu\/ezoco-eu-biosynx\/?product=pulsera-ancha-biosyncx#primaryimage\"},\"thumbnailUrl\":\"https:\/\/ezoco.eu\/ezoco-eu-biosynx\/wp-content\/uploads\/sites\/137\/2026\/01\/Gemini_Generated_Image_a56kvea56kvea56k.png\",\"datePublished\":\"2026-01-20T19:55:14+00:00\",\"dateModified\":\"2026-01-25T22:11:36+00:00\",\"description\":\"Pulsera inteligente BioSyncX de dise\u00f1o ancho con pantalla curva envolvente. Monitoreo avanzado de constantes vitales y estilo premium.\",\"breadcrumb\":{\"@id\":\"https:\/\/ezoco.eu\/ezoco-eu-biosynx\/?product=pulsera-ancha-biosyncx#breadcrumb\"},\"inLanguage\":\"es\",\"potentialAction\":[{\"@type\":\"ReadAction\",\"target\":[\"https:\/\/ezoco.eu\/ezoco-eu-biosynx\/?product=pulsera-ancha-biosyncx\"]}]},{\"@type\":\"ImageObject\",\"inLanguage\":\"es\",\"@id\":\"https:\/\/ezoco.eu\/ezoco-eu-biosynx\/?product=pulsera-ancha-biosyncx#primaryimage\",\"url\":\"https:\/\/ezoco.eu\/ezoco-eu-biosynx\/wp-content\/uploads\/sites\/137\/2026\/01\/Gemini_Generated_Image_a56kvea56kvea56k.png\",\"contentUrl\":\"https:\/\/ezoco.eu\/ezoco-eu-biosynx\/wp-content\/uploads\/sites\/137\/2026\/01\/Gemini_Generated_Image_a56kvea56kvea56k.png\",\"width\":1024,\"height\":1024,\"caption\":\"BioSyncX\"},{\"@type\":\"BreadcrumbList\",\"@id\":\"https:\/\/ezoco.eu\/ezoco-eu-biosynx\/?product=pulsera-ancha-biosyncx#breadcrumb\",\"itemListElement\":[{\"@type\":\"ListItem\",\"position\":1,\"name\":\"Portada\",\"item\":\"https:\/\/ezoco.eu\/ezoco-eu-biosynx\/\"},{\"@type\":\"ListItem\",\"position\":2,\"name\":\"Tienda\",\"item\":\"https:\/\/ezoco.eu\/ezoco-eu-biosynx\/?page_id=58\"},{\"@type\":\"ListItem\",\"position\":3,\"name\":\"Pulsera ancha\"}]},{\"@type\":\"WebSite\",\"@id\":\"https:\/\/ezoco.eu\/ezoco-eu-biosynx\/#website\",\"url\":\"https:\/\/ezoco.eu\/ezoco-eu-biosynx\/\",\"name\":\"BioSyncX\",\"description\":\"\",\"publisher\":{\"@id\":\"https:\/\/ezoco.eu\/ezoco-eu-biosynx\/#organization\"},\"potentialAction\":[{\"@type\":\"SearchAction\",\"target\":{\"@type\":\"EntryPoint\",\"urlTemplate\":\"https:\/\/ezoco.eu\/ezoco-eu-biosynx\/?s={search_term_string}\"},\"query-input\":{\"@type\":\"PropertyValueSpecification\",\"valueRequired\":true,\"valueName\":\"search_term_string\"}}],\"inLanguage\":\"es\"},{\"@type\":\"Organization\",\"@id\":\"https:\/\/ezoco.eu\/ezoco-eu-biosynx\/#organization\",\"name\":\"BioSyncX\",\"url\":\"https:\/\/ezoco.eu\/ezoco-eu-biosynx\/\",\"logo\":{\"@type\":\"ImageObject\",\"inLanguage\":\"es\",\"@id\":\"https:\/\/ezoco.eu\/ezoco-eu-biosynx\/#\/schema\/logo\/image\/\",\"url\":\"https:\/\/ezoco.eu\/ezoco-eu-biosynx\/wp-content\/uploads\/sites\/137\/2025\/11\/Gemini_Generated_Image_3opoy03opoy03opo-1.png\",\"contentUrl\":\"https:\/\/ezoco.eu\/ezoco-eu-biosynx\/wp-content\/uploads\/sites\/137\/2025\/11\/Gemini_Generated_Image_3opoy03opoy03opo-1.png\",\"width\":1024,\"height\":1024,\"caption\":\"BioSyncX\"},\"image\":{\"@id\":\"https:\/\/ezoco.eu\/ezoco-eu-biosynx\/#\/schema\/logo\/image\/\"}}]}<\/script>\n<!-- \/ Yoast SEO plugin. -->","yoast_head_json":{"title":"Pulsera ancha BioSyncX tienda","description":"Pulsera inteligente BioSyncX de dise\u00f1o ancho con pantalla curva envolvente. Monitoreo avanzado de constantes vitales y estilo premium.","robots":{"index":"index","follow":"follow","max-snippet":"max-snippet:-1","max-image-preview":"max-image-preview:large","max-video-preview":"max-video-preview:-1"},"canonical":"https:\/\/ezoco.eu\/ezoco-eu-biosynx\/?product=pulsera-ancha-biosyncx","og_locale":"es_ES","og_type":"article","og_title":"Pulsera ancha BioSyncX tienda","og_description":"Pulsera inteligente BioSyncX de dise\u00f1o ancho con pantalla curva envolvente. Monitoreo avanzado de constantes vitales y estilo premium.","og_url":"https:\/\/ezoco.eu\/ezoco-eu-biosynx\/?product=pulsera-ancha-biosyncx","og_site_name":"BioSyncX","article_modified_time":"2026-01-25T22:11:36+00:00","og_image":[{"width":1024,"height":1024,"url":"http:\/\/ezoco.eu\/ezoco-eu-biosynx\/wp-content\/uploads\/sites\/137\/2026\/01\/Gemini_Generated_Image_a56kvea56kvea56k.png","type":"image\/png"}],"twitter_card":"summary_large_image","twitter_misc":{"Tiempo de lectura":"1 minuto"},"schema":{"@context":"https:\/\/schema.org","@graph":[{"@type":"WebPage","@id":"https:\/\/ezoco.eu\/ezoco-eu-biosynx\/?product=pulsera-ancha-biosyncx","url":"https:\/\/ezoco.eu\/ezoco-eu-biosynx\/?product=pulsera-ancha-biosyncx","name":"Pulsera ancha BioSyncX tienda","isPartOf":{"@id":"https:\/\/ezoco.eu\/ezoco-eu-biosynx\/#website"},"primaryImageOfPage":{"@id":"https:\/\/ezoco.eu\/ezoco-eu-biosynx\/?product=pulsera-ancha-biosyncx#primaryimage"},"image":{"@id":"https:\/\/ezoco.eu\/ezoco-eu-biosynx\/?product=pulsera-ancha-biosyncx#primaryimage"},"thumbnailUrl":"https:\/\/ezoco.eu\/ezoco-eu-biosynx\/wp-content\/uploads\/sites\/137\/2026\/01\/Gemini_Generated_Image_a56kvea56kvea56k.png","datePublished":"2026-01-20T19:55:14+00:00","dateModified":"2026-01-25T22:11:36+00:00","description":"Pulsera inteligente BioSyncX de dise\u00f1o ancho con pantalla curva envolvente. Monitoreo avanzado de constantes vitales y estilo premium.","breadcrumb":{"@id":"https:\/\/ezoco.eu\/ezoco-eu-biosynx\/?product=pulsera-ancha-biosyncx#breadcrumb"},"inLanguage":"es","potentialAction":[{"@type":"ReadAction","target":["https:\/\/ezoco.eu\/ezoco-eu-biosynx\/?product=pulsera-ancha-biosyncx"]}]},{"@type":"ImageObject","inLanguage":"es","@id":"https:\/\/ezoco.eu\/ezoco-eu-biosynx\/?product=pulsera-ancha-biosyncx#primaryimage","url":"https:\/\/ezoco.eu\/ezoco-eu-biosynx\/wp-content\/uploads\/sites\/137\/2026\/01\/Gemini_Generated_Image_a56kvea56kvea56k.png","contentUrl":"https:\/\/ezoco.eu\/ezoco-eu-biosynx\/wp-content\/uploads\/sites\/137\/2026\/01\/Gemini_Generated_Image_a56kvea56kvea56k.png","width":1024,"height":1024,"caption":"BioSyncX"},{"@type":"BreadcrumbList","@id":"https:\/\/ezoco.eu\/ezoco-eu-biosynx\/?product=pulsera-ancha-biosyncx#breadcrumb","itemListElement":[{"@type":"ListItem","position":1,"name":"Portada","item":"https:\/\/ezoco.eu\/ezoco-eu-biosynx\/"},{"@type":"ListItem","position":2,"name":"Tienda","item":"https:\/\/ezoco.eu\/ezoco-eu-biosynx\/?page_id=58"},{"@type":"ListItem","position":3,"name":"Pulsera ancha"}]},{"@type":"WebSite","@id":"https:\/\/ezoco.eu\/ezoco-eu-biosynx\/#website","url":"https:\/\/ezoco.eu\/ezoco-eu-biosynx\/","name":"BioSyncX","description":"","publisher":{"@id":"https:\/\/ezoco.eu\/ezoco-eu-biosynx\/#organization"},"potentialAction":[{"@type":"SearchAction","target":{"@type":"EntryPoint","urlTemplate":"https:\/\/ezoco.eu\/ezoco-eu-biosynx\/?s={search_term_string}"},"query-input":{"@type":"PropertyValueSpecification","valueRequired":true,"valueName":"search_term_string"}}],"inLanguage":"es"},{"@type":"Organization","@id":"https:\/\/ezoco.eu\/ezoco-eu-biosynx\/#organization","name":"BioSyncX","url":"https:\/\/ezoco.eu\/ezoco-eu-biosynx\/","logo":{"@type":"ImageObject","inLanguage":"es","@id":"https:\/\/ezoco.eu\/ezoco-eu-biosynx\/#\/schema\/logo\/image\/","url":"https:\/\/ezoco.eu\/ezoco-eu-biosynx\/wp-content\/uploads\/sites\/137\/2025\/11\/Gemini_Generated_Image_3opoy03opoy03opo-1.png","contentUrl":"https:\/\/ezoco.eu\/ezoco-eu-biosynx\/wp-content\/uploads\/sites\/137\/2025\/11\/Gemini_Generated_Image_3opoy03opoy03opo-1.png","width":1024,"height":1024,"caption":"BioSyncX"},"image":{"@id":"https:\/\/ezoco.eu\/ezoco-eu-biosynx\/#\/schema\/logo\/image\/"}}]}},"_links":{"self":[{"href":"https:\/\/ezoco.eu\/ezoco-eu-biosynx\/index.php?rest_route=\/wp\/v2\/product\/207","targetHints":{"allow":["GET"]}}],"collection":[{"href":"https:\/\/ezoco.eu\/ezoco-eu-biosynx\/index.php?rest_route=\/wp\/v2\/product"}],"about":[{"href":"https:\/\/ezoco.eu\/ezoco-eu-biosynx\/index.php?rest_route=\/wp\/v2\/types\/product"}],"replies":[{"embeddable":true,"href":"https:\/\/ezoco.eu\/ezoco-eu-biosynx\/index.php?rest_route=%2Fwp%2Fv2%2Fcomments&post=207"}],"wp:featuredmedia":[{"embeddable":true,"href":"https:\/\/ezoco.eu\/ezoco-eu-biosynx\/index.php?rest_route=\/wp\/v2\/media\/208"}],"wp:attachment":[{"href":"https:\/\/ezoco.eu\/ezoco-eu-biosynx\/index.php?rest_route=%2Fwp%2Fv2%2Fmedia&parent=207"}],"wp:term":[{"taxonomy":"product_brand","embeddable":true,"href":"https:\/\/ezoco.eu\/ezoco-eu-biosynx\/index.php?rest_route=%2Fwp%2Fv2%2Fproduct_brand&post=207"},{"taxonomy":"product_cat","embeddable":true,"href":"https:\/\/ezoco.eu\/ezoco-eu-biosynx\/index.php?rest_route=%2Fwp%2Fv2%2Fproduct_cat&post=207"},{"taxonomy":"product_tag","embeddable":true,"href":"https:\/\/ezoco.eu\/ezoco-eu-biosynx\/index.php?rest_route=%2Fwp%2Fv2%2Fproduct_tag&post=207"}],"curies":[{"name":"wp","href":"https:\/\/api.w.org\/{rel}","templated":true}]}}