{"id":190,"date":"2026-01-26T15:59:14","date_gmt":"2026-01-26T14:59:14","guid":{"rendered":"https:\/\/ezoco.eu\/ezoco-eu-loumiere\/?page_id=190"},"modified":"2026-01-31T03:35:05","modified_gmt":"2026-01-31T02:35:05","slug":"__trashed-3","status":"publish","type":"page","link":"https:\/\/ezoco.eu\/ezoco-eu-loumiere\/__trashed-3\/","title":{"rendered":"Carrito"},"content":{"rendered":"\t\t<div data-elementor-type=\"wp-page\" data-elementor-id=\"190\" class=\"elementor elementor-190\" data-elementor-post-type=\"page\">\n\t\t\t\t<div class=\"elementor-element elementor-element-8de2f6d e-flex e-con-boxed e-con e-parent\" data-id=\"8de2f6d\" data-element_type=\"container\" data-e-type=\"container\">\n\t\t\t\t\t<div class=\"e-con-inner\">\n\t\t\t\t\t<\/div>\n\t\t\t\t<\/div>\n\t\t\t\t<\/div>\n\t\t","protected":false},"excerpt":{"rendered":"<p>Eliminar art\u00edculo Imagen en miniatura Producto Precio Cantidad Subtotal &times; Colorete \u00abAura Glow\u00bb 55,00&nbsp;&euro; Colorete &quot;Aura Glow&quot; cantidad 55,00&nbsp;&euro; &times; Loumi\u00e9re Petit \u00c9clat (Edici\u00f3n Viaje) 80,00&nbsp;&euro; Loumi\u00e9re Petit \u00c9clat (Edici\u00f3n Viaje) cantidad 80,00&nbsp;&euro; Apply coupon Cart Totals Subtotal 135,00&nbsp;&euro; Env\u00edo Entrega 48 horas: 6,05&nbsp;&euro; Entrega Urgente: 14,52&nbsp;&euro; Env\u00edo gratuito Enviar a M\u00e1laga. Cambiar direcci\u00f3n Pa\u00eds [&hellip;]<\/p>\n","protected":false},"author":139,"featured_media":0,"parent":0,"menu_order":0,"comment_status":"closed","ping_status":"closed","template":"","meta":{"inline_featured_image":false,"footnotes":""},"class_list":["post-190","page","type-page","status-publish","hentry"],"yoast_head":"<!-- This site is optimized with the Yoast SEO plugin v27.5 - https:\/\/yoast.com\/product\/yoast-seo-wordpress\/ -->\n<title>Carrito - Loumi\u00e9re<\/title>\n<meta name=\"robots\" content=\"index, follow, max-snippet:-1, max-image-preview:large, max-video-preview:-1\" \/>\n<link rel=\"canonical\" href=\"https:\/\/ezoco.eu\/ezoco-eu-loumiere\/__trashed-3\/\" \/>\n<meta property=\"og:locale\" content=\"es_ES\" \/>\n<meta property=\"og:type\" content=\"article\" \/>\n<meta property=\"og:title\" content=\"Carrito - Loumi\u00e9re\" \/>\n<meta property=\"og:description\" content=\"Eliminar art\u00edculo Imagen en miniatura Producto Precio Cantidad Subtotal &times; Colorete \u00abAura Glow\u00bb 55,00&nbsp;&euro; Colorete &quot;Aura Glow&quot; cantidad 55,00&nbsp;&euro; &times; Loumi\u00e9re Petit \u00c9clat (Edici\u00f3n Viaje) 80,00&nbsp;&euro; Loumi\u00e9re Petit \u00c9clat (Edici\u00f3n Viaje) cantidad 80,00&nbsp;&euro; Apply coupon Cart Totals Subtotal 135,00&nbsp;&euro; Env\u00edo Entrega 48 horas: 6,05&nbsp;&euro; Entrega Urgente: 14,52&nbsp;&euro; Env\u00edo gratuito Enviar a M\u00e1laga. Cambiar direcci\u00f3n Pa\u00eds [&hellip;]\" \/>\n<meta property=\"og:url\" content=\"https:\/\/ezoco.eu\/ezoco-eu-loumiere\/__trashed-3\/\" \/>\n<meta property=\"og:site_name\" content=\"Loumi\u00e9re\" \/>\n<meta property=\"article:modified_time\" content=\"2026-01-31T02:35:05+00:00\" \/>\n<meta property=\"og:image\" content=\"http:\/\/ezoco.eu\/ezoco-eu-loumiere\/wp-content\/uploads\/sites\/104\/2026\/01\/38089665-fd31-4b35-a1f4-10673cf17fe9-550x550.jpg\" \/>\n<meta name=\"twitter:card\" content=\"summary_large_image\" \/>\n<meta name=\"twitter:label1\" content=\"Tiempo de lectura\" \/>\n\t<meta name=\"twitter:data1\" content=\"3 minutos\" \/>\n<script type=\"application\/ld+json\" class=\"yoast-schema-graph\">{\"@context\":\"https:\\\/\\\/schema.org\",\"@graph\":[{\"@type\":\"WebPage\",\"@id\":\"https:\\\/\\\/ezoco.eu\\\/ezoco-eu-loumiere\\\/__trashed-3\\\/\",\"url\":\"https:\\\/\\\/ezoco.eu\\\/ezoco-eu-loumiere\\\/__trashed-3\\\/\",\"name\":\"Carrito - Loumi\u00e9re\",\"isPartOf\":{\"@id\":\"https:\\\/\\\/ezoco.eu\\\/ezoco-eu-loumiere\\\/#website\"},\"primaryImageOfPage\":{\"@id\":\"https:\\\/\\\/ezoco.eu\\\/ezoco-eu-loumiere\\\/__trashed-3\\\/#primaryimage\"},\"image\":{\"@id\":\"https:\\\/\\\/ezoco.eu\\\/ezoco-eu-loumiere\\\/__trashed-3\\\/#primaryimage\"},\"thumbnailUrl\":\"http:\\\/\\\/ezoco.eu\\\/ezoco-eu-loumiere\\\/wp-content\\\/uploads\\\/sites\\\/104\\\/2026\\\/01\\\/38089665-fd31-4b35-a1f4-10673cf17fe9-550x550.jpg\",\"datePublished\":\"2026-01-26T14:59:14+00:00\",\"dateModified\":\"2026-01-31T02:35:05+00:00\",\"breadcrumb\":{\"@id\":\"https:\\\/\\\/ezoco.eu\\\/ezoco-eu-loumiere\\\/__trashed-3\\\/#breadcrumb\"},\"inLanguage\":\"es\",\"potentialAction\":[{\"@type\":\"ReadAction\",\"target\":[\"https:\\\/\\\/ezoco.eu\\\/ezoco-eu-loumiere\\\/__trashed-3\\\/\"]}]},{\"@type\":\"ImageObject\",\"inLanguage\":\"es\",\"@id\":\"https:\\\/\\\/ezoco.eu\\\/ezoco-eu-loumiere\\\/__trashed-3\\\/#primaryimage\",\"url\":\"http:\\\/\\\/ezoco.eu\\\/ezoco-eu-loumiere\\\/wp-content\\\/uploads\\\/sites\\\/104\\\/2026\\\/01\\\/38089665-fd31-4b35-a1f4-10673cf17fe9-550x550.jpg\",\"contentUrl\":\"http:\\\/\\\/ezoco.eu\\\/ezoco-eu-loumiere\\\/wp-content\\\/uploads\\\/sites\\\/104\\\/2026\\\/01\\\/38089665-fd31-4b35-a1f4-10673cf17fe9-550x550.jpg\"},{\"@type\":\"BreadcrumbList\",\"@id\":\"https:\\\/\\\/ezoco.eu\\\/ezoco-eu-loumiere\\\/__trashed-3\\\/#breadcrumb\",\"itemListElement\":[{\"@type\":\"ListItem\",\"position\":1,\"name\":\"Portada\",\"item\":\"https:\\\/\\\/ezoco.eu\\\/ezoco-eu-loumiere\\\/\"},{\"@type\":\"ListItem\",\"position\":2,\"name\":\"Carrito\"}]},{\"@type\":\"WebSite\",\"@id\":\"https:\\\/\\\/ezoco.eu\\\/ezoco-eu-loumiere\\\/#website\",\"url\":\"https:\\\/\\\/ezoco.eu\\\/ezoco-eu-loumiere\\\/\",\"name\":\"Loumi\u00e9re\",\"description\":\"Loumi\u00e9re, el espejo inteligente\",\"publisher\":{\"@id\":\"https:\\\/\\\/ezoco.eu\\\/ezoco-eu-loumiere\\\/#organization\"},\"potentialAction\":[{\"@type\":\"SearchAction\",\"target\":{\"@type\":\"EntryPoint\",\"urlTemplate\":\"https:\\\/\\\/ezoco.eu\\\/ezoco-eu-loumiere\\\/?s={search_term_string}\"},\"query-input\":{\"@type\":\"PropertyValueSpecification\",\"valueRequired\":true,\"valueName\":\"search_term_string\"}}],\"inLanguage\":\"es\"},{\"@type\":\"Organization\",\"@id\":\"https:\\\/\\\/ezoco.eu\\\/ezoco-eu-loumiere\\\/#organization\",\"name\":\"Loumi\u00e9re\",\"url\":\"https:\\\/\\\/ezoco.eu\\\/ezoco-eu-loumiere\\\/\",\"logo\":{\"@type\":\"ImageObject\",\"inLanguage\":\"es\",\"@id\":\"https:\\\/\\\/ezoco.eu\\\/ezoco-eu-loumiere\\\/#\\\/schema\\\/logo\\\/image\\\/\",\"url\":\"http:\\\/\\\/ezoco.eu\\\/ezoco-eu-loumiere\\\/wp-content\\\/uploads\\\/sites\\\/104\\\/2026\\\/01\\\/Gemini_Generated_Image_53phux53phux53ph.png\",\"contentUrl\":\"http:\\\/\\\/ezoco.eu\\\/ezoco-eu-loumiere\\\/wp-content\\\/uploads\\\/sites\\\/104\\\/2026\\\/01\\\/Gemini_Generated_Image_53phux53phux53ph.png\",\"width\":717,\"height\":672,\"caption\":\"Loumi\u00e9re\"},\"image\":{\"@id\":\"https:\\\/\\\/ezoco.eu\\\/ezoco-eu-loumiere\\\/#\\\/schema\\\/logo\\\/image\\\/\"}}]}<\/script>\n<!-- \/ Yoast SEO plugin. -->","yoast_head_json":{"title":"Carrito - Loumi\u00e9re","robots":{"index":"index","follow":"follow","max-snippet":"max-snippet:-1","max-image-preview":"max-image-preview:large","max-video-preview":"max-video-preview:-1"},"canonical":"https:\/\/ezoco.eu\/ezoco-eu-loumiere\/__trashed-3\/","og_locale":"es_ES","og_type":"article","og_title":"Carrito - Loumi\u00e9re","og_description":"Eliminar art\u00edculo Imagen en miniatura Producto Precio Cantidad Subtotal &times; Colorete \u00abAura Glow\u00bb 55,00&nbsp;&euro; Colorete &quot;Aura Glow&quot; cantidad 55,00&nbsp;&euro; &times; Loumi\u00e9re Petit \u00c9clat (Edici\u00f3n Viaje) 80,00&nbsp;&euro; Loumi\u00e9re Petit \u00c9clat (Edici\u00f3n Viaje) cantidad 80,00&nbsp;&euro; Apply coupon Cart Totals Subtotal 135,00&nbsp;&euro; Env\u00edo Entrega 48 horas: 6,05&nbsp;&euro; Entrega Urgente: 14,52&nbsp;&euro; Env\u00edo gratuito Enviar a M\u00e1laga. Cambiar direcci\u00f3n Pa\u00eds [&hellip;]","og_url":"https:\/\/ezoco.eu\/ezoco-eu-loumiere\/__trashed-3\/","og_site_name":"Loumi\u00e9re","article_modified_time":"2026-01-31T02:35:05+00:00","og_image":[{"url":"http:\/\/ezoco.eu\/ezoco-eu-loumiere\/wp-content\/uploads\/sites\/104\/2026\/01\/38089665-fd31-4b35-a1f4-10673cf17fe9-550x550.jpg","type":"","width":"","height":""}],"twitter_card":"summary_large_image","twitter_misc":{"Tiempo de lectura":"3 minutos"},"schema":{"@context":"https:\/\/schema.org","@graph":[{"@type":"WebPage","@id":"https:\/\/ezoco.eu\/ezoco-eu-loumiere\/__trashed-3\/","url":"https:\/\/ezoco.eu\/ezoco-eu-loumiere\/__trashed-3\/","name":"Carrito - Loumi\u00e9re","isPartOf":{"@id":"https:\/\/ezoco.eu\/ezoco-eu-loumiere\/#website"},"primaryImageOfPage":{"@id":"https:\/\/ezoco.eu\/ezoco-eu-loumiere\/__trashed-3\/#primaryimage"},"image":{"@id":"https:\/\/ezoco.eu\/ezoco-eu-loumiere\/__trashed-3\/#primaryimage"},"thumbnailUrl":"http:\/\/ezoco.eu\/ezoco-eu-loumiere\/wp-content\/uploads\/sites\/104\/2026\/01\/38089665-fd31-4b35-a1f4-10673cf17fe9-550x550.jpg","datePublished":"2026-01-26T14:59:14+00:00","dateModified":"2026-01-31T02:35:05+00:00","breadcrumb":{"@id":"https:\/\/ezoco.eu\/ezoco-eu-loumiere\/__trashed-3\/#breadcrumb"},"inLanguage":"es","potentialAction":[{"@type":"ReadAction","target":["https:\/\/ezoco.eu\/ezoco-eu-loumiere\/__trashed-3\/"]}]},{"@type":"ImageObject","inLanguage":"es","@id":"https:\/\/ezoco.eu\/ezoco-eu-loumiere\/__trashed-3\/#primaryimage","url":"http:\/\/ezoco.eu\/ezoco-eu-loumiere\/wp-content\/uploads\/sites\/104\/2026\/01\/38089665-fd31-4b35-a1f4-10673cf17fe9-550x550.jpg","contentUrl":"http:\/\/ezoco.eu\/ezoco-eu-loumiere\/wp-content\/uploads\/sites\/104\/2026\/01\/38089665-fd31-4b35-a1f4-10673cf17fe9-550x550.jpg"},{"@type":"BreadcrumbList","@id":"https:\/\/ezoco.eu\/ezoco-eu-loumiere\/__trashed-3\/#breadcrumb","itemListElement":[{"@type":"ListItem","position":1,"name":"Portada","item":"https:\/\/ezoco.eu\/ezoco-eu-loumiere\/"},{"@type":"ListItem","position":2,"name":"Carrito"}]},{"@type":"WebSite","@id":"https:\/\/ezoco.eu\/ezoco-eu-loumiere\/#website","url":"https:\/\/ezoco.eu\/ezoco-eu-loumiere\/","name":"Loumi\u00e9re","description":"Loumi\u00e9re, el espejo inteligente","publisher":{"@id":"https:\/\/ezoco.eu\/ezoco-eu-loumiere\/#organization"},"potentialAction":[{"@type":"SearchAction","target":{"@type":"EntryPoint","urlTemplate":"https:\/\/ezoco.eu\/ezoco-eu-loumiere\/?s={search_term_string}"},"query-input":{"@type":"PropertyValueSpecification","valueRequired":true,"valueName":"search_term_string"}}],"inLanguage":"es"},{"@type":"Organization","@id":"https:\/\/ezoco.eu\/ezoco-eu-loumiere\/#organization","name":"Loumi\u00e9re","url":"https:\/\/ezoco.eu\/ezoco-eu-loumiere\/","logo":{"@type":"ImageObject","inLanguage":"es","@id":"https:\/\/ezoco.eu\/ezoco-eu-loumiere\/#\/schema\/logo\/image\/","url":"http:\/\/ezoco.eu\/ezoco-eu-loumiere\/wp-content\/uploads\/sites\/104\/2026\/01\/Gemini_Generated_Image_53phux53phux53ph.png","contentUrl":"http:\/\/ezoco.eu\/ezoco-eu-loumiere\/wp-content\/uploads\/sites\/104\/2026\/01\/Gemini_Generated_Image_53phux53phux53ph.png","width":717,"height":672,"caption":"Loumi\u00e9re"},"image":{"@id":"https:\/\/ezoco.eu\/ezoco-eu-loumiere\/#\/schema\/logo\/image\/"}}]}},"featured_image_src":null,"featured_image_src_square":null,"_links":{"self":[{"href":"https:\/\/ezoco.eu\/ezoco-eu-loumiere\/wp-json\/wp\/v2\/pages\/190","targetHints":{"allow":["GET"]}}],"collection":[{"href":"https:\/\/ezoco.eu\/ezoco-eu-loumiere\/wp-json\/wp\/v2\/pages"}],"about":[{"href":"https:\/\/ezoco.eu\/ezoco-eu-loumiere\/wp-json\/wp\/v2\/types\/page"}],"author":[{"embeddable":true,"href":"https:\/\/ezoco.eu\/ezoco-eu-loumiere\/wp-json\/wp\/v2\/users\/139"}],"replies":[{"embeddable":true,"href":"https:\/\/ezoco.eu\/ezoco-eu-loumiere\/wp-json\/wp\/v2\/comments?post=190"}],"version-history":[{"count":8,"href":"https:\/\/ezoco.eu\/ezoco-eu-loumiere\/wp-json\/wp\/v2\/pages\/190\/revisions"}],"predecessor-version":[{"id":706,"href":"https:\/\/ezoco.eu\/ezoco-eu-loumiere\/wp-json\/wp\/v2\/pages\/190\/revisions\/706"}],"wp:attachment":[{"href":"https:\/\/ezoco.eu\/ezoco-eu-loumiere\/wp-json\/wp\/v2\/media?parent=190"}],"curies":[{"name":"wp","href":"https:\/\/api.w.org\/{rel}","templated":true}]}}