{"id":100,"date":"2026-01-09T16:14:11","date_gmt":"2026-01-09T15:14:11","guid":{"rendered":"https:\/\/ezoco.eu\/ezoco-eu-loumiere\/?post_type=product&#038;p=100"},"modified":"2026-01-31T02:03:57","modified_gmt":"2026-01-31T01:03:57","slug":"loumiere-smart-vanity-mirror","status":"publish","type":"product","link":"https:\/\/ezoco.eu\/ezoco-eu-loumiere\/producto\/loumiere-smart-vanity-mirror\/","title":{"rendered":"Loumi\u00e9re &#8211; Medium Bathroom Smart Mirror"},"content":{"rendered":"<p data-pm-slice=\"1 1 []\">Equilibrio perfecto entre funcionalidad y lujo para espacios modernos. Este espejo inteligente de tama\u00f1o mediano ofrece un dise\u00f1o minimalista en negro mate, iluminaci\u00f3n LED halo ajustable y una interfaz inteligente que organiza su rutina diaria de cuidado de la piel.<\/p>\n<ul data-pm-slice=\"3 3 []\">\n<li><strong>Gesti\u00f3n de Rutina Diaria:<\/strong> Visualice su checklist de skincare, el clima local y su agenda diaria directamente sobre el cristal, gracias a una interfaz lateral minimalista de alto contraste.<\/li>\n<li><strong>Iluminaci\u00f3n Halo LED:<\/strong> Sistema de retroiluminaci\u00f3n que elimina las sombras en el rostro, ajustable en intensidad y temperatura de color (desde un c\u00e1lido relajante hasta un blanco quir\u00fargico de precisi\u00f3n).<\/li>\n<li><strong>Acabado Matte Black:<\/strong> Un marco ultra-fino en color negro mate que resiste huellas dactilares y combina con las \u00faltimas tendencias de grifer\u00eda y dise\u00f1o de interiores.<\/li>\n<li><strong>Tecnolog\u00eda Antivaho Avanzada:<\/strong> Mantenga siempre una visi\u00f3n clara, incluso tras las duchas m\u00e1s calientes, gracias a su sistema de calefacci\u00f3n interna de bajo consumo.<\/li>\n<li><strong>Sensores de Proximidad:<\/strong> La pantalla se activa suavemente al detectar su presencia y se aten\u00faa al retirarse, optimizando la eficiencia energ\u00e9tica sin interrumpir la est\u00e9tica del hogar.<\/li>\n<\/ul>\n","protected":false},"excerpt":{"rendered":"<p>Junta la belleza y la inteligencia artificial en tu vanity. Mejora tus rutinas y makeups, sin preocuparte por el tiempo.<\/p>\n","protected":false},"featured_media":637,"comment_status":"open","ping_status":"closed","template":"","meta":{"inline_featured_image":false},"product_brand":[],"product_cat":[17],"product_tag":[],"class_list":{"0":"post-100","1":"product","2":"type-product","3":"status-publish","4":"has-post-thumbnail","6":"product_cat-bathroom-smarts-mirrors","8":"first","9":"instock","10":"sale","11":"taxable","12":"shipping-taxable","13":"purchasable","14":"product-type-simple"},"yoast_head":"<!-- This site is optimized with the Yoast SEO plugin v27.5 - https:\/\/yoast.com\/product\/yoast-seo-wordpress\/ -->\n<title>Loumi\u00e9re - Medium Bathroom Smart Mirror - Loumi\u00e9re<\/title>\n<meta name=\"description\" content=\"Junta la belleza y la inteligencia artificial en tu vanity.\" \/>\n<meta name=\"robots\" content=\"index, follow, max-snippet:-1, max-image-preview:large, max-video-preview:-1\" \/>\n<link rel=\"canonical\" href=\"https:\/\/ezoco.eu\/ezoco-eu-loumiere\/producto\/loumiere-smart-vanity-mirror\/\" \/>\n<meta property=\"og:locale\" content=\"es_ES\" \/>\n<meta property=\"og:type\" content=\"article\" \/>\n<meta property=\"og:title\" content=\"Loumi\u00e9re - Medium Bathroom Smart Mirror - Loumi\u00e9re\" \/>\n<meta property=\"og:description\" content=\"Junta la belleza y la inteligencia artificial en tu vanity.\" \/>\n<meta property=\"og:url\" content=\"https:\/\/ezoco.eu\/ezoco-eu-loumiere\/producto\/loumiere-smart-vanity-mirror\/\" \/>\n<meta property=\"og:site_name\" content=\"Loumi\u00e9re\" \/>\n<meta property=\"article:modified_time\" content=\"2026-01-31T01:03:57+00:00\" \/>\n<meta property=\"og:image\" content=\"https:\/\/ezoco.eu\/ezoco-eu-loumiere\/wp-content\/uploads\/sites\/104\/2026\/01\/cd249c82-4805-4137-a952-2d297bfef89c.jpg\" \/>\n\t<meta property=\"og:image:width\" content=\"784\" \/>\n\t<meta property=\"og:image:height\" content=\"1168\" \/>\n\t<meta property=\"og:image:type\" content=\"image\/jpeg\" \/>\n<meta name=\"twitter:card\" content=\"summary_large_image\" \/>\n<meta name=\"twitter:label1\" content=\"Tiempo de lectura\" \/>\n\t<meta name=\"twitter:data1\" content=\"2 minutos\" \/>\n<script type=\"application\/ld+json\" class=\"yoast-schema-graph\">{\"@context\":\"https:\\\/\\\/schema.org\",\"@graph\":[{\"@type\":\"WebPage\",\"@id\":\"https:\\\/\\\/ezoco.eu\\\/ezoco-eu-loumiere\\\/producto\\\/loumiere-smart-vanity-mirror\\\/\",\"url\":\"https:\\\/\\\/ezoco.eu\\\/ezoco-eu-loumiere\\\/producto\\\/loumiere-smart-vanity-mirror\\\/\",\"name\":\"Loumi\u00e9re - Medium Bathroom Smart Mirror - Loumi\u00e9re\",\"isPartOf\":{\"@id\":\"https:\\\/\\\/ezoco.eu\\\/ezoco-eu-loumiere\\\/#website\"},\"primaryImageOfPage\":{\"@id\":\"https:\\\/\\\/ezoco.eu\\\/ezoco-eu-loumiere\\\/producto\\\/loumiere-smart-vanity-mirror\\\/#primaryimage\"},\"image\":{\"@id\":\"https:\\\/\\\/ezoco.eu\\\/ezoco-eu-loumiere\\\/producto\\\/loumiere-smart-vanity-mirror\\\/#primaryimage\"},\"thumbnailUrl\":\"https:\\\/\\\/ezoco.eu\\\/ezoco-eu-loumiere\\\/wp-content\\\/uploads\\\/sites\\\/104\\\/2026\\\/01\\\/cd249c82-4805-4137-a952-2d297bfef89c.jpg\",\"datePublished\":\"2026-01-09T15:14:11+00:00\",\"dateModified\":\"2026-01-31T01:03:57+00:00\",\"description\":\"Junta la belleza y la inteligencia artificial en tu vanity.\",\"breadcrumb\":{\"@id\":\"https:\\\/\\\/ezoco.eu\\\/ezoco-eu-loumiere\\\/producto\\\/loumiere-smart-vanity-mirror\\\/#breadcrumb\"},\"inLanguage\":\"es\",\"potentialAction\":[{\"@type\":\"ReadAction\",\"target\":[\"https:\\\/\\\/ezoco.eu\\\/ezoco-eu-loumiere\\\/producto\\\/loumiere-smart-vanity-mirror\\\/\"]}]},{\"@type\":\"ImageObject\",\"inLanguage\":\"es\",\"@id\":\"https:\\\/\\\/ezoco.eu\\\/ezoco-eu-loumiere\\\/producto\\\/loumiere-smart-vanity-mirror\\\/#primaryimage\",\"url\":\"https:\\\/\\\/ezoco.eu\\\/ezoco-eu-loumiere\\\/wp-content\\\/uploads\\\/sites\\\/104\\\/2026\\\/01\\\/cd249c82-4805-4137-a952-2d297bfef89c.jpg\",\"contentUrl\":\"https:\\\/\\\/ezoco.eu\\\/ezoco-eu-loumiere\\\/wp-content\\\/uploads\\\/sites\\\/104\\\/2026\\\/01\\\/cd249c82-4805-4137-a952-2d297bfef89c.jpg\",\"width\":784,\"height\":1168,\"caption\":\"Signature: DwW5EM82Ae9C6waANubJ4Ia1K97puhqIP2iYtIRBVgR9xvsQEIe143Ndo9LnGC1l5dj\\\/HmKvlVsGYuA99b4N0WmkHCFCK00FKjNm7OkwBI\\\/S\\\/zi6tPJVhsgm8SeXwziPawbWnpcOn1oVv9fpkS4YnkHH6e60FgDdscF+UI+7Bf1FpqLkgkTZPGTLovjG\\\/\\\/OZEkThwgBPcdMWs442513V8iGIb9lphvMCI4HmmjAEl0qCbIioq3Ey6AseDvRF0YhN5ND2emg8JHkDv+E+K1molhIpY3jzd8fo0mkqLeXMBpOC\\\/1zwMucM8+tWOWv\\\/noKN\"},{\"@type\":\"BreadcrumbList\",\"@id\":\"https:\\\/\\\/ezoco.eu\\\/ezoco-eu-loumiere\\\/producto\\\/loumiere-smart-vanity-mirror\\\/#breadcrumb\",\"itemListElement\":[{\"@type\":\"ListItem\",\"position\":1,\"name\":\"Portada\",\"item\":\"https:\\\/\\\/ezoco.eu\\\/ezoco-eu-loumiere\\\/\"},{\"@type\":\"ListItem\",\"position\":2,\"name\":\"Productos\",\"item\":\"https:\\\/\\\/ezoco.eu\\\/ezoco-eu-loumiere\\\/tienda\\\/\"},{\"@type\":\"ListItem\",\"position\":3,\"name\":\"Loumi\u00e9re &#8211; Medium Bathroom Smart Mirror\"}]},{\"@type\":\"WebSite\",\"@id\":\"https:\\\/\\\/ezoco.eu\\\/ezoco-eu-loumiere\\\/#website\",\"url\":\"https:\\\/\\\/ezoco.eu\\\/ezoco-eu-loumiere\\\/\",\"name\":\"Loumi\u00e9re\",\"description\":\"Loumi\u00e9re, el espejo inteligente\",\"publisher\":{\"@id\":\"https:\\\/\\\/ezoco.eu\\\/ezoco-eu-loumiere\\\/#organization\"},\"potentialAction\":[{\"@type\":\"SearchAction\",\"target\":{\"@type\":\"EntryPoint\",\"urlTemplate\":\"https:\\\/\\\/ezoco.eu\\\/ezoco-eu-loumiere\\\/?s={search_term_string}\"},\"query-input\":{\"@type\":\"PropertyValueSpecification\",\"valueRequired\":true,\"valueName\":\"search_term_string\"}}],\"inLanguage\":\"es\"},{\"@type\":\"Organization\",\"@id\":\"https:\\\/\\\/ezoco.eu\\\/ezoco-eu-loumiere\\\/#organization\",\"name\":\"Loumi\u00e9re\",\"url\":\"https:\\\/\\\/ezoco.eu\\\/ezoco-eu-loumiere\\\/\",\"logo\":{\"@type\":\"ImageObject\",\"inLanguage\":\"es\",\"@id\":\"https:\\\/\\\/ezoco.eu\\\/ezoco-eu-loumiere\\\/#\\\/schema\\\/logo\\\/image\\\/\",\"url\":\"http:\\\/\\\/ezoco.eu\\\/ezoco-eu-loumiere\\\/wp-content\\\/uploads\\\/sites\\\/104\\\/2026\\\/01\\\/Gemini_Generated_Image_53phux53phux53ph.png\",\"contentUrl\":\"http:\\\/\\\/ezoco.eu\\\/ezoco-eu-loumiere\\\/wp-content\\\/uploads\\\/sites\\\/104\\\/2026\\\/01\\\/Gemini_Generated_Image_53phux53phux53ph.png\",\"width\":717,\"height\":672,\"caption\":\"Loumi\u00e9re\"},\"image\":{\"@id\":\"https:\\\/\\\/ezoco.eu\\\/ezoco-eu-loumiere\\\/#\\\/schema\\\/logo\\\/image\\\/\"}}]}<\/script>\n<!-- \/ Yoast SEO plugin. -->","yoast_head_json":{"title":"Loumi\u00e9re - Medium Bathroom Smart Mirror - Loumi\u00e9re","description":"Junta la belleza y la inteligencia artificial en tu vanity.","robots":{"index":"index","follow":"follow","max-snippet":"max-snippet:-1","max-image-preview":"max-image-preview:large","max-video-preview":"max-video-preview:-1"},"canonical":"https:\/\/ezoco.eu\/ezoco-eu-loumiere\/producto\/loumiere-smart-vanity-mirror\/","og_locale":"es_ES","og_type":"article","og_title":"Loumi\u00e9re - Medium Bathroom Smart Mirror - Loumi\u00e9re","og_description":"Junta la belleza y la inteligencia artificial en tu vanity.","og_url":"https:\/\/ezoco.eu\/ezoco-eu-loumiere\/producto\/loumiere-smart-vanity-mirror\/","og_site_name":"Loumi\u00e9re","article_modified_time":"2026-01-31T01:03:57+00:00","og_image":[{"width":784,"height":1168,"url":"https:\/\/ezoco.eu\/ezoco-eu-loumiere\/wp-content\/uploads\/sites\/104\/2026\/01\/cd249c82-4805-4137-a952-2d297bfef89c.jpg","type":"image\/jpeg"}],"twitter_card":"summary_large_image","twitter_misc":{"Tiempo de lectura":"2 minutos"},"schema":{"@context":"https:\/\/schema.org","@graph":[{"@type":"WebPage","@id":"https:\/\/ezoco.eu\/ezoco-eu-loumiere\/producto\/loumiere-smart-vanity-mirror\/","url":"https:\/\/ezoco.eu\/ezoco-eu-loumiere\/producto\/loumiere-smart-vanity-mirror\/","name":"Loumi\u00e9re - Medium Bathroom Smart Mirror - Loumi\u00e9re","isPartOf":{"@id":"https:\/\/ezoco.eu\/ezoco-eu-loumiere\/#website"},"primaryImageOfPage":{"@id":"https:\/\/ezoco.eu\/ezoco-eu-loumiere\/producto\/loumiere-smart-vanity-mirror\/#primaryimage"},"image":{"@id":"https:\/\/ezoco.eu\/ezoco-eu-loumiere\/producto\/loumiere-smart-vanity-mirror\/#primaryimage"},"thumbnailUrl":"https:\/\/ezoco.eu\/ezoco-eu-loumiere\/wp-content\/uploads\/sites\/104\/2026\/01\/cd249c82-4805-4137-a952-2d297bfef89c.jpg","datePublished":"2026-01-09T15:14:11+00:00","dateModified":"2026-01-31T01:03:57+00:00","description":"Junta la belleza y la inteligencia artificial en tu vanity.","breadcrumb":{"@id":"https:\/\/ezoco.eu\/ezoco-eu-loumiere\/producto\/loumiere-smart-vanity-mirror\/#breadcrumb"},"inLanguage":"es","potentialAction":[{"@type":"ReadAction","target":["https:\/\/ezoco.eu\/ezoco-eu-loumiere\/producto\/loumiere-smart-vanity-mirror\/"]}]},{"@type":"ImageObject","inLanguage":"es","@id":"https:\/\/ezoco.eu\/ezoco-eu-loumiere\/producto\/loumiere-smart-vanity-mirror\/#primaryimage","url":"https:\/\/ezoco.eu\/ezoco-eu-loumiere\/wp-content\/uploads\/sites\/104\/2026\/01\/cd249c82-4805-4137-a952-2d297bfef89c.jpg","contentUrl":"https:\/\/ezoco.eu\/ezoco-eu-loumiere\/wp-content\/uploads\/sites\/104\/2026\/01\/cd249c82-4805-4137-a952-2d297bfef89c.jpg","width":784,"height":1168,"caption":"Signature: DwW5EM82Ae9C6waANubJ4Ia1K97puhqIP2iYtIRBVgR9xvsQEIe143Ndo9LnGC1l5dj\/HmKvlVsGYuA99b4N0WmkHCFCK00FKjNm7OkwBI\/S\/zi6tPJVhsgm8SeXwziPawbWnpcOn1oVv9fpkS4YnkHH6e60FgDdscF+UI+7Bf1FpqLkgkTZPGTLovjG\/\/OZEkThwgBPcdMWs442513V8iGIb9lphvMCI4HmmjAEl0qCbIioq3Ey6AseDvRF0YhN5ND2emg8JHkDv+E+K1molhIpY3jzd8fo0mkqLeXMBpOC\/1zwMucM8+tWOWv\/noKN"},{"@type":"BreadcrumbList","@id":"https:\/\/ezoco.eu\/ezoco-eu-loumiere\/producto\/loumiere-smart-vanity-mirror\/#breadcrumb","itemListElement":[{"@type":"ListItem","position":1,"name":"Portada","item":"https:\/\/ezoco.eu\/ezoco-eu-loumiere\/"},{"@type":"ListItem","position":2,"name":"Productos","item":"https:\/\/ezoco.eu\/ezoco-eu-loumiere\/tienda\/"},{"@type":"ListItem","position":3,"name":"Loumi\u00e9re &#8211; Medium Bathroom Smart Mirror"}]},{"@type":"WebSite","@id":"https:\/\/ezoco.eu\/ezoco-eu-loumiere\/#website","url":"https:\/\/ezoco.eu\/ezoco-eu-loumiere\/","name":"Loumi\u00e9re","description":"Loumi\u00e9re, el espejo inteligente","publisher":{"@id":"https:\/\/ezoco.eu\/ezoco-eu-loumiere\/#organization"},"potentialAction":[{"@type":"SearchAction","target":{"@type":"EntryPoint","urlTemplate":"https:\/\/ezoco.eu\/ezoco-eu-loumiere\/?s={search_term_string}"},"query-input":{"@type":"PropertyValueSpecification","valueRequired":true,"valueName":"search_term_string"}}],"inLanguage":"es"},{"@type":"Organization","@id":"https:\/\/ezoco.eu\/ezoco-eu-loumiere\/#organization","name":"Loumi\u00e9re","url":"https:\/\/ezoco.eu\/ezoco-eu-loumiere\/","logo":{"@type":"ImageObject","inLanguage":"es","@id":"https:\/\/ezoco.eu\/ezoco-eu-loumiere\/#\/schema\/logo\/image\/","url":"http:\/\/ezoco.eu\/ezoco-eu-loumiere\/wp-content\/uploads\/sites\/104\/2026\/01\/Gemini_Generated_Image_53phux53phux53ph.png","contentUrl":"http:\/\/ezoco.eu\/ezoco-eu-loumiere\/wp-content\/uploads\/sites\/104\/2026\/01\/Gemini_Generated_Image_53phux53phux53ph.png","width":717,"height":672,"caption":"Loumi\u00e9re"},"image":{"@id":"https:\/\/ezoco.eu\/ezoco-eu-loumiere\/#\/schema\/logo\/image\/"}}]}},"_links":{"self":[{"href":"https:\/\/ezoco.eu\/ezoco-eu-loumiere\/wp-json\/wp\/v2\/product\/100","targetHints":{"allow":["GET"]}}],"collection":[{"href":"https:\/\/ezoco.eu\/ezoco-eu-loumiere\/wp-json\/wp\/v2\/product"}],"about":[{"href":"https:\/\/ezoco.eu\/ezoco-eu-loumiere\/wp-json\/wp\/v2\/types\/product"}],"replies":[{"embeddable":true,"href":"https:\/\/ezoco.eu\/ezoco-eu-loumiere\/wp-json\/wp\/v2\/comments?post=100"}],"version-history":[{"count":1,"href":"https:\/\/ezoco.eu\/ezoco-eu-loumiere\/wp-json\/wp\/v2\/product\/100\/revisions"}],"predecessor-version":[{"id":102,"href":"https:\/\/ezoco.eu\/ezoco-eu-loumiere\/wp-json\/wp\/v2\/product\/100\/revisions\/102"}],"wp:featuredmedia":[{"embeddable":true,"href":"https:\/\/ezoco.eu\/ezoco-eu-loumiere\/wp-json\/wp\/v2\/media\/637"}],"wp:attachment":[{"href":"https:\/\/ezoco.eu\/ezoco-eu-loumiere\/wp-json\/wp\/v2\/media?parent=100"}],"wp:term":[{"taxonomy":"product_brand","embeddable":true,"href":"https:\/\/ezoco.eu\/ezoco-eu-loumiere\/wp-json\/wp\/v2\/product_brand?post=100"},{"taxonomy":"product_cat","embeddable":true,"href":"https:\/\/ezoco.eu\/ezoco-eu-loumiere\/wp-json\/wp\/v2\/product_cat?post=100"},{"taxonomy":"product_tag","embeddable":true,"href":"https:\/\/ezoco.eu\/ezoco-eu-loumiere\/wp-json\/wp\/v2\/product_tag?post=100"}],"curies":[{"name":"wp","href":"https:\/\/api.w.org\/{rel}","templated":true}]}}