{"id":16,"date":"2026-04-08T22:43:39","date_gmt":"2026-04-08T20:43:39","guid":{"rendered":"https:\/\/ezoco.eu\/granada-acoge\/?page_id=16"},"modified":"2026-05-09T19:16:34","modified_gmt":"2026-05-09T17:16:34","slug":"contacto","status":"publish","type":"page","link":"https:\/\/ezoco.eu\/granada-acoge\/","title":{"rendered":"Inicio"},"content":{"rendered":"\t\t<div data-elementor-type=\"wp-page\" data-elementor-id=\"16\" class=\"elementor elementor-16\" data-elementor-post-type=\"page\">\n\t\t\t\t<div class=\"elementor-element elementor-element-e96ebb8 e-con-full e-flex e-con e-parent\" data-id=\"e96ebb8\" data-element_type=\"container\" data-e-type=\"container\">\n\t\t\t\t<div class=\"elementor-element elementor-element-3d521a1 elementor-widget elementor-widget-html\" data-id=\"3d521a1\" data-element_type=\"widget\" data-e-type=\"widget\" data-widget_type=\"html.default\">\n\t\t\t\t\t\r\n\r\n\r\n    \r\n    \r\n    <title>Con\u00f3cenos | Granada Acoge<\/title>\r\n    \r\n    \r\n\r\n\r\n\r\n    <section class=\"conocenos-hero container animate-up\">\r\n        <span class=\"tagline-badge\">Sobre Nosotros<\/span>\r\n        <h1>Hagamos del mundo un lugar <br><span>m\u00e1s acogedor<\/span><\/h1>\r\n        <p class=\"hero-intro\">\r\n            En Granada Acoge, contribuimos a la construcci\u00f3n conjunta de una sociedad m\u00e1s equitativa, inclusiva e intercultural, trabajando codo con codo con el conjunto de la poblaci\u00f3n.\r\n        <\/p>\r\n    <\/section>\r\n\r\n    <section class=\"about-section container animate-up delay-1\">\r\n        <div class=\"history-box\">\r\n            <div class=\"history-text\">\r\n                <h2>Nuestra Historia<\/h2>\r\n                <p>Granada Acoge trabaja desde <strong>1987<\/strong> con la poblaci\u00f3n inmigrante que reside en la provincia de Granada. Con el objetivo de que en el futuro podamos vivir en una sociedad igualitaria y plural, dedicamos nuestro esfuerzo a que las personas de origen inmigrante cuenten con la ayuda necesaria para su pleno desarrollo.<\/p>\r\n                <p>Atendemos preferentemente a las personas m\u00e1s vulnerables para su pleno acceso a derechos, actuando en red con otros agentes del territorio y llevando a cabo una incidencia jur\u00eddica, pol\u00edtica y social.<\/p>\r\n            <\/div>\r\n            <div class=\"history-highlight\">\r\n                <div class=\"history-quote\">\r\n                    <blockquote>\r\n                        \"No somos una empresa de servicios sociales, sino un grupo organizado comprometido con la igualdad.\"\r\n                    <\/blockquote>\r\n                <\/div>\r\n            <\/div>\r\n        <\/div>\r\n    <\/section>\r\n\r\n    <section class=\"mv-section container animate-up delay-2\">\r\n        <div class=\"mv-grid\">\r\n            <div class=\"mv-card\">\r\n                <span class=\"mv-icon\">\ud83c\udfaf<\/span>\r\n                <h3>Nuestra Misi\u00f3n<\/h3>\r\n                <p>Contribuir a la construcci\u00f3n de una sociedad m\u00e1s equitativa e intercultural. Promovemos una ciudadan\u00eda participativa, atendiendo a personas en situaci\u00f3n de vulnerabilidad para su pleno acceso a derechos y libertades fundamentales.<\/p>\r\n            <\/div>\r\n            <div class=\"mv-card\">\r\n                <span class=\"mv-icon\">\ud83d\udc41\ufe0f<\/span>\r\n                <h3>Nuestra Visi\u00f3n<\/h3>\r\n                <p>Consolidarnos como un actor relevante en la construcci\u00f3n de este modelo social y ser referentes en la promoci\u00f3n del acceso igualitario a derechos y oportunidades para todas las personas que residen en nuestro territorio.<\/p>\r\n            <\/div>\r\n        <\/div>\r\n    <\/section>\r\n\r\n    <section class=\"values-section container animate-up delay-3\">\r\n        <div class=\"section-header\">\r\n            <h2>Nuestros Valores<\/h2>\r\n            <div class=\"divider\"><\/div>\r\n        <\/div>\r\n        \r\n        <div class=\"values-grid\">\r\n            <div class=\"value-card v-equidad\">\r\n                <span class=\"val-num\">01<\/span>\r\n                <h4>Equidad<\/h4>\r\n                <p>Buscamos promover que todas las personas puedan ejercer sus derechos ciudadanos y accedan equitativamente a recursos y servicios.<\/p>\r\n            <\/div>\r\n\r\n            <div class=\"value-card v-participacion\">\r\n                <span class=\"val-num\">02<\/span>\r\n                <h4>Participaci\u00f3n<\/h4>\r\n                <p>Fomentamos una ciudadan\u00eda cr\u00edtica y plural apoyando espacios de encuentro y di\u00e1logo a trav\u00e9s del voluntariado.<\/p>\r\n            <\/div>\r\n\r\n            <div class=\"value-card v-intercultural\">\r\n                <span class=\"val-num\">03<\/span>\r\n                <h4>Interculturalidad<\/h4>\r\n                <p>Ponemos en valor el potencial transformador de la diversidad, brindando herramientas de convivencia e igualdad.<\/p>\r\n            <\/div>\r\n\r\n            <div class=\"value-card v-compromiso\">\r\n                <span class=\"val-num\">04<\/span>\r\n                <h4>Compromiso<\/h4>\r\n                <p>Nos posicionamos social y pol\u00edticamente para construir una ciudadan\u00eda intercultural y combatir la desigualdad activa.<\/p>\r\n            <\/div>\r\n\r\n            <div class=\"value-card v-transparencia\">\r\n                <span class=\"val-num\">05<\/span>\r\n                <h4>Transparencia<\/h4>\r\n                <p>Comprometidos con la rendici\u00f3n de cuentas clara, la eficiencia de recursos y la innovaci\u00f3n en nuestra intervenci\u00f3n.<\/p>\r\n            <\/div>\r\n        <\/div>\r\n    <\/section>\r\n\r\n    <footer class=\"final-footer\">\r\n        <div class=\"container\">\r\n            <div class=\"footer-top\">\r\n                <div class=\"f-brand\">\r\n                    <h3>Granada <span>Acoge<\/span><\/h3>\r\n                    <p>Hospitalidad y solidaridad desde 1987. Trabajando por los derechos de todas las personas.<\/p>\r\n                <\/div>\r\n                <div class=\"f-info\">\r\n                    <h4>Contacto directo<\/h4>\r\n                    <p>\ud83d\udcde Tel\u00e9fono: 958 200 836<\/p>\r\n                    <p>\u2709\ufe0f Email: granada.acoge@redacoge.org<\/p>\r\n                <\/div>\r\n            <\/div>\r\n            <div class=\"footer-bottom\">\r\n                <p>\u00a9 2026 Granada Acoge. Redise\u00f1o para el Proyecto Social.<\/p>\r\n            <\/div>\r\n        <\/div>\r\n    <\/footer>\r\n\r\n\r\n\t\t\t\t<\/div>\n\t\t\t\t<\/div>\n\t\t\t\t<\/div>\n\t\t","protected":false},"excerpt":{"rendered":"<p>Con\u00f3cenos | Granada Acoge Sobre Nosotros Hagamos del mundo un lugar m\u00e1s acogedor En Granada Acoge, contribuimos a la construcci\u00f3n [&hellip;]<\/p>\n","protected":false},"author":532,"featured_media":0,"parent":0,"menu_order":0,"comment_status":"closed","ping_status":"closed","template":"elementor_header_footer","meta":{"inline_featured_image":false,"site-sidebar-layout":"no-sidebar","site-content-layout":"","ast-site-content-layout":"full-width-container","site-content-style":"default","site-sidebar-style":"default","ast-global-header-display":"","ast-banner-title-visibility":"","ast-main-header-display":"","ast-hfb-above-header-display":"","ast-hfb-below-header-display":"","ast-hfb-mobile-header-display":"","site-post-title":"disabled","ast-breadcrumbs-content":"","ast-featured-img":"disabled","footer-sml-layout":"","ast-disable-related-posts":"","theme-transparent-header-meta":"","adv-header-id-meta":"","stick-header-meta":"","header-above-stick-meta":"","header-main-stick-meta":"","header-below-stick-meta":"","astra-migrate-meta-layouts":"default","ast-page-background-enabled":"default","ast-page-background-meta":{"desktop":{"background-color":"var(--ast-global-color-5)","background-image":"","background-repeat":"repeat","background-position":"center center","background-size":"auto","background-attachment":"scroll","background-type":"","background-media":"","overlay-type":"","overlay-color":"","overlay-opacity":"","overlay-gradient":""},"tablet":{"background-color":"","background-image":"","background-repeat":"repeat","background-position":"center center","background-size":"auto","background-attachment":"scroll","background-type":"","background-media":"","overlay-type":"","overlay-color":"","overlay-opacity":"","overlay-gradient":""},"mobile":{"background-color":"","background-image":"","background-repeat":"repeat","background-position":"center center","background-size":"auto","background-attachment":"scroll","background-type":"","background-media":"","overlay-type":"","overlay-color":"","overlay-opacity":"","overlay-gradient":""}},"ast-content-background-meta":{"desktop":{"background-color":"var(--ast-global-color-4)","background-image":"","background-repeat":"repeat","background-position":"center center","background-size":"auto","background-attachment":"scroll","background-type":"","background-media":"","overlay-type":"","overlay-color":"","overlay-opacity":"","overlay-gradient":""},"tablet":{"background-color":"var(--ast-global-color-4)","background-image":"","background-repeat":"repeat","background-position":"center center","background-size":"auto","background-attachment":"scroll","background-type":"","background-media":"","overlay-type":"","overlay-color":"","overlay-opacity":"","overlay-gradient":""},"mobile":{"background-color":"var(--ast-global-color-4)","background-image":"","background-repeat":"repeat","background-position":"center center","background-size":"auto","background-attachment":"scroll","background-type":"","background-media":"","overlay-type":"","overlay-color":"","overlay-opacity":"","overlay-gradient":""}},"footnotes":""},"class_list":["post-16","page","type-page","status-publish","hentry"],"yoast_head":"<!-- This site is optimized with the Yoast SEO plugin v27.5 - https:\/\/yoast.com\/product\/yoast-seo-wordpress\/ -->\n<title>Inicio -<\/title>\n<meta name=\"robots\" content=\"index, follow, max-snippet:-1, max-image-preview:large, max-video-preview:-1\" \/>\n<link rel=\"canonical\" href=\"https:\/\/ezoco.eu\/granada-acoge\/\" \/>\n<meta property=\"og:locale\" content=\"es_ES\" \/>\n<meta property=\"og:type\" content=\"article\" \/>\n<meta property=\"og:title\" content=\"Inicio -\" \/>\n<meta property=\"og:description\" content=\"Con\u00f3cenos | Granada Acoge Sobre Nosotros Hagamos del mundo un lugar m\u00e1s acogedor En Granada Acoge, contribuimos a la construcci\u00f3n [&hellip;]\" \/>\n<meta property=\"og:url\" content=\"https:\/\/ezoco.eu\/granada-acoge\/\" \/>\n<meta property=\"article:modified_time\" content=\"2026-05-09T17:16:34+00:00\" \/>\n<meta name=\"twitter:card\" content=\"summary_large_image\" \/>\n<meta name=\"twitter:label1\" content=\"Tiempo de lectura\" \/>\n\t<meta name=\"twitter:data1\" content=\"2 minutos\" \/>\n<script type=\"application\/ld+json\" class=\"yoast-schema-graph\">{\"@context\":\"https:\\\/\\\/schema.org\",\"@graph\":[{\"@type\":\"WebPage\",\"@id\":\"https:\\\/\\\/ezoco.eu\\\/granada-acoge\\\/\",\"url\":\"https:\\\/\\\/ezoco.eu\\\/granada-acoge\\\/\",\"name\":\"Inicio -\",\"isPartOf\":{\"@id\":\"https:\\\/\\\/ezoco.eu\\\/granada-acoge\\\/#website\"},\"datePublished\":\"2026-04-08T20:43:39+00:00\",\"dateModified\":\"2026-05-09T17:16:34+00:00\",\"breadcrumb\":{\"@id\":\"https:\\\/\\\/ezoco.eu\\\/granada-acoge\\\/#breadcrumb\"},\"inLanguage\":\"es\",\"potentialAction\":[{\"@type\":\"ReadAction\",\"target\":[\"https:\\\/\\\/ezoco.eu\\\/granada-acoge\\\/\"]}]},{\"@type\":\"BreadcrumbList\",\"@id\":\"https:\\\/\\\/ezoco.eu\\\/granada-acoge\\\/#breadcrumb\",\"itemListElement\":[{\"@type\":\"ListItem\",\"position\":1,\"name\":\"Portada\",\"item\":\"https:\\\/\\\/ezoco.eu\\\/granada-acoge\\\/\"},{\"@type\":\"ListItem\",\"position\":2,\"name\":\"Inicio\"}]},{\"@type\":\"WebSite\",\"@id\":\"https:\\\/\\\/ezoco.eu\\\/granada-acoge\\\/#website\",\"url\":\"https:\\\/\\\/ezoco.eu\\\/granada-acoge\\\/\",\"name\":\"\",\"description\":\"\",\"potentialAction\":[{\"@type\":\"SearchAction\",\"target\":{\"@type\":\"EntryPoint\",\"urlTemplate\":\"https:\\\/\\\/ezoco.eu\\\/granada-acoge\\\/?s={search_term_string}\"},\"query-input\":{\"@type\":\"PropertyValueSpecification\",\"valueRequired\":true,\"valueName\":\"search_term_string\"}}],\"inLanguage\":\"es\"}]}<\/script>\n<!-- \/ Yoast SEO plugin. -->","yoast_head_json":{"title":"Inicio -","robots":{"index":"index","follow":"follow","max-snippet":"max-snippet:-1","max-image-preview":"max-image-preview:large","max-video-preview":"max-video-preview:-1"},"canonical":"https:\/\/ezoco.eu\/granada-acoge\/","og_locale":"es_ES","og_type":"article","og_title":"Inicio -","og_description":"Con\u00f3cenos | Granada Acoge Sobre Nosotros Hagamos del mundo un lugar m\u00e1s acogedor En Granada Acoge, contribuimos a la construcci\u00f3n [&hellip;]","og_url":"https:\/\/ezoco.eu\/granada-acoge\/","article_modified_time":"2026-05-09T17:16:34+00:00","twitter_card":"summary_large_image","twitter_misc":{"Tiempo de lectura":"2 minutos"},"schema":{"@context":"https:\/\/schema.org","@graph":[{"@type":"WebPage","@id":"https:\/\/ezoco.eu\/granada-acoge\/","url":"https:\/\/ezoco.eu\/granada-acoge\/","name":"Inicio -","isPartOf":{"@id":"https:\/\/ezoco.eu\/granada-acoge\/#website"},"datePublished":"2026-04-08T20:43:39+00:00","dateModified":"2026-05-09T17:16:34+00:00","breadcrumb":{"@id":"https:\/\/ezoco.eu\/granada-acoge\/#breadcrumb"},"inLanguage":"es","potentialAction":[{"@type":"ReadAction","target":["https:\/\/ezoco.eu\/granada-acoge\/"]}]},{"@type":"BreadcrumbList","@id":"https:\/\/ezoco.eu\/granada-acoge\/#breadcrumb","itemListElement":[{"@type":"ListItem","position":1,"name":"Portada","item":"https:\/\/ezoco.eu\/granada-acoge\/"},{"@type":"ListItem","position":2,"name":"Inicio"}]},{"@type":"WebSite","@id":"https:\/\/ezoco.eu\/granada-acoge\/#website","url":"https:\/\/ezoco.eu\/granada-acoge\/","name":"","description":"","potentialAction":[{"@type":"SearchAction","target":{"@type":"EntryPoint","urlTemplate":"https:\/\/ezoco.eu\/granada-acoge\/?s={search_term_string}"},"query-input":{"@type":"PropertyValueSpecification","valueRequired":true,"valueName":"search_term_string"}}],"inLanguage":"es"}]}},"_links":{"self":[{"href":"https:\/\/ezoco.eu\/granada-acoge\/wp-json\/wp\/v2\/pages\/16","targetHints":{"allow":["GET"]}}],"collection":[{"href":"https:\/\/ezoco.eu\/granada-acoge\/wp-json\/wp\/v2\/pages"}],"about":[{"href":"https:\/\/ezoco.eu\/granada-acoge\/wp-json\/wp\/v2\/types\/page"}],"author":[{"embeddable":true,"href":"https:\/\/ezoco.eu\/granada-acoge\/wp-json\/wp\/v2\/users\/532"}],"replies":[{"embeddable":true,"href":"https:\/\/ezoco.eu\/granada-acoge\/wp-json\/wp\/v2\/comments?post=16"}],"version-history":[{"count":6,"href":"https:\/\/ezoco.eu\/granada-acoge\/wp-json\/wp\/v2\/pages\/16\/revisions"}],"predecessor-version":[{"id":278,"href":"https:\/\/ezoco.eu\/granada-acoge\/wp-json\/wp\/v2\/pages\/16\/revisions\/278"}],"wp:attachment":[{"href":"https:\/\/ezoco.eu\/granada-acoge\/wp-json\/wp\/v2\/media?parent=16"}],"curies":[{"name":"wp","href":"https:\/\/api.w.org\/{rel}","templated":true}]}}