{"id":19,"date":"2026-04-14T18:15:04","date_gmt":"2026-04-14T16:15:04","guid":{"rendered":"https:\/\/ezoco.eu\/granada-acoge\/?page_id=19"},"modified":"2026-04-25T16:43:21","modified_gmt":"2026-04-25T14:43:21","slug":"colabora","status":"publish","type":"page","link":"https:\/\/ezoco.eu\/granada-acoge\/colabora\/","title":{"rendered":"Colabora"},"content":{"rendered":"\t\t<div data-elementor-type=\"wp-page\" data-elementor-id=\"19\" class=\"elementor elementor-19\" data-elementor-post-type=\"page\">\n\t\t\t\t<div class=\"elementor-element elementor-element-4413275 e-con-full e-flex e-con e-parent\" data-id=\"4413275\" data-element_type=\"container\" data-e-type=\"container\">\n\t\t\t\t<div class=\"elementor-element elementor-element-94d446b elementor-widget__width-inherit elementor-widget elementor-widget-html\" data-id=\"94d446b\" data-element_type=\"widget\" data-e-type=\"widget\" data-widget_type=\"html.default\">\n\t\t\t\t\t<section class=\"colabora-intro\">\r\n    <div class=\"container-colabora\">\r\n  <h1 class=\"titulo-llamativo\">\r\n    Colabora con <span class=\"resaltado\">Granada Acoge<\/span>\r\n    <span class=\"linea-decorativa\"><\/span>\r\n<\/h1>\r\n        \r\n        <div class=\"texto-explicativo\">\r\n            <p>Hay muchas maneras de colaborar con <strong>Granada Acoge<\/strong> y respaldar el trabajo que realizamos en la entidad. Participar como voluntario o voluntaria es una de ellas, pero tambi\u00e9n hay otras formas: apoyo a campa\u00f1as de sensibilizaci\u00f3n y reivindicativas, contribuciones econ\u00f3micas, patrocinio, informaci\u00f3n y las denuncias sobre situaciones discriminatorias hacia personas migrantes\u2026<\/p>\r\n            \r\n            <p>Todas son v\u00edas para formar parte de este grupo de gente convencida de que es posible un mundo m\u00e1s igualitario y justo, donde la acogida sea el pilar fundamental de nuestra convivencia en Granada.<\/p>\r\n        <\/div>\r\n\r\n        <div class=\"botones-container\">\r\n            <a href=\"#voluntariado\" class=\"btn-colabora btn-voluntariado\">Hazte voluntario o voluntaria<\/a>\r\n            <a href=\"#donaciones\" class=\"btn-colabora btn-economico\">Colabora econ\u00f3micamente<\/a>\r\n        <\/div>\r\n    <\/div>\r\n<\/section>\t\t\t\t<\/div>\n\t\t\t\t<\/div>\n\t\t<div class=\"elementor-element elementor-element-9d1c71d e-con-full e-flex e-con e-parent\" data-id=\"9d1c71d\" data-element_type=\"container\" data-e-type=\"container\" data-settings=\"{&quot;background_background&quot;:&quot;classic&quot;}\">\n\t\t\t\t<div class=\"elementor-element elementor-element-aa17ac5 elementor-widget__width-inherit elementor-widget elementor-widget-html\" data-id=\"aa17ac5\" data-element_type=\"widget\" data-e-type=\"widget\" data-widget_type=\"html.default\">\n\t\t\t\t\t<footer class=\"footer-granada-acoge\">\r\n    <div class=\"footer-container\">\r\n        \r\n        <div class=\"footer-column\">\r\n            <h3 class=\"f-title\">Granada Acoge<\/h3>\r\n            <p class=\"f-tagline\">Acompa\u00f1ando caminos, construyendo derechos desde 1987.<\/p>\r\n            <div class=\"f-socials\">\r\n                <a href=\"https:\/\/www.facebook.com\/granadacoge\/\" target=\"_blank\" class=\"s-icon\"><i class=\"fab fa-facebook-f\"><\/i><\/a>\r\n                <a href=\"https:\/\/www.instagram.com\/gracoge\/\" target=\"_blank\" class=\"s-icon\"><i class=\"fab fa-instagram\"><\/i><\/a>\r\n                <a href=\"https:\/\/es.linkedin.com\/company\/granada-acoge\" target=\"_blank\" class=\"s-icon\"><i class=\"fab fa-linkedin-in\"><\/i><\/a>\r\n            <\/div>\r\n        <\/div>\r\n\r\n        <div class=\"footer-column\">\r\n            <h3 class=\"f-title\">Contacto<\/h3>\r\n            <ul class=\"f-contact-list\">\r\n                <li><span>\ud83d\udcde<\/span> <a href=\"tel:958200836\" class=\"f-phone\">958 200 836<\/a><\/li>\r\n                <li><span>\u2709\ufe0f<\/span> <a href=\"mailto:granada@gracoge.org\">granada@gracoge.org<\/a><\/li>\r\n                <li><span>\ud83d\udccd<\/span> <p>Calle Almona de San Juan de Dios, 12, Granada<\/p><\/li>\r\n            <\/ul>\r\n        <\/div>\r\n\r\n        <div class=\"footer-column\">\r\n            <h3 class=\"f-title\">Legal<\/h3>\r\n            <ul class=\"f-legal-links\">\r\n                <li><a href=\"#\">Pol\u00edtica de Privacidad<\/a><\/li>\r\n                <li><a href=\"#\">Aviso Legal<\/a><\/li>\r\n                <li><a href=\"#\">Cookies<\/a><\/li>\r\n            <\/ul>\r\n        <\/div>\r\n\r\n    <\/div>\r\n\r\n    <div class=\"footer-funding\">\r\n        <div class=\"funding-content\">\r\n            <img decoding=\"async\" src=\"https:\/\/upload.wikimedia.org\/wikipedia\/commons\/b\/b7\/Flag_of_Europe.svg\" alt=\"Bandera Uni\u00f3n Europea\" class=\"eu-flag\">\r\n            <p>Financiado por la Uni\u00f3n Europea - NextGenerationEU<\/p>\r\n        <\/div>\r\n    <\/div>\r\n\r\n    <div class=\"f-bottom-bar\">\r\n        <p>\u00a9 2026 Granada Acoge<\/p>\r\n    <\/div>\r\n<\/footer>\t\t\t\t<\/div>\n\t\t\t\t<\/div>\n\t\t\t\t<\/div>\n\t\t","protected":false},"excerpt":{"rendered":"<p>Colabora con Granada Acoge Hay muchas maneras de colaborar con Granada Acoge y respaldar el trabajo que realizamos en la [&hellip;]<\/p>\n","protected":false},"author":532,"featured_media":0,"parent":0,"menu_order":0,"comment_status":"closed","ping_status":"closed","template":"elementor_header_footer","meta":{"inline_featured_image":false,"site-sidebar-layout":"default","site-content-layout":"","ast-site-content-layout":"default","site-content-style":"default","site-sidebar-style":"default","ast-global-header-display":"","ast-banner-title-visibility":"","ast-main-header-display":"","ast-hfb-above-header-display":"","ast-hfb-below-header-display":"","ast-hfb-mobile-header-display":"","site-post-title":"","ast-breadcrumbs-content":"","ast-featured-img":"","footer-sml-layout":"","ast-disable-related-posts":"","theme-transparent-header-meta":"","adv-header-id-meta":"","stick-header-meta":"","header-above-stick-meta":"","header-main-stick-meta":"","header-below-stick-meta":"","astra-migrate-meta-layouts":"default","ast-page-background-enabled":"default","ast-page-background-meta":{"desktop":{"background-color":"var(--ast-global-color-5)","background-image":"","background-repeat":"repeat","background-position":"center center","background-size":"auto","background-attachment":"scroll","background-type":"","background-media":"","overlay-type":"","overlay-color":"","overlay-opacity":"","overlay-gradient":""},"tablet":{"background-color":"","background-image":"","background-repeat":"repeat","background-position":"center center","background-size":"auto","background-attachment":"scroll","background-type":"","background-media":"","overlay-type":"","overlay-color":"","overlay-opacity":"","overlay-gradient":""},"mobile":{"background-color":"","background-image":"","background-repeat":"repeat","background-position":"center center","background-size":"auto","background-attachment":"scroll","background-type":"","background-media":"","overlay-type":"","overlay-color":"","overlay-opacity":"","overlay-gradient":""}},"ast-content-background-meta":{"desktop":{"background-color":"var(--ast-global-color-4)","background-image":"","background-repeat":"repeat","background-position":"center center","background-size":"auto","background-attachment":"scroll","background-type":"","background-media":"","overlay-type":"","overlay-color":"","overlay-opacity":"","overlay-gradient":""},"tablet":{"background-color":"var(--ast-global-color-4)","background-image":"","background-repeat":"repeat","background-position":"center center","background-size":"auto","background-attachment":"scroll","background-type":"","background-media":"","overlay-type":"","overlay-color":"","overlay-opacity":"","overlay-gradient":""},"mobile":{"background-color":"var(--ast-global-color-4)","background-image":"","background-repeat":"repeat","background-position":"center center","background-size":"auto","background-attachment":"scroll","background-type":"","background-media":"","overlay-type":"","overlay-color":"","overlay-opacity":"","overlay-gradient":""}},"footnotes":""},"class_list":["post-19","page","type-page","status-publish","hentry"],"yoast_head":"<!-- This site is optimized with the Yoast SEO plugin v27.5 - https:\/\/yoast.com\/product\/yoast-seo-wordpress\/ -->\n<title>Colabora -<\/title>\n<meta name=\"robots\" content=\"index, follow, max-snippet:-1, max-image-preview:large, max-video-preview:-1\" \/>\n<link rel=\"canonical\" href=\"https:\/\/ezoco.eu\/granada-acoge\/colabora\/\" \/>\n<meta property=\"og:locale\" content=\"es_ES\" \/>\n<meta property=\"og:type\" content=\"article\" \/>\n<meta property=\"og:title\" content=\"Colabora -\" \/>\n<meta property=\"og:description\" content=\"Colabora con Granada Acoge Hay muchas maneras de colaborar con Granada Acoge y respaldar el trabajo que realizamos en la [&hellip;]\" \/>\n<meta property=\"og:url\" content=\"https:\/\/ezoco.eu\/granada-acoge\/colabora\/\" \/>\n<meta property=\"article:modified_time\" content=\"2026-04-25T14:43:21+00:00\" \/>\n<meta property=\"og:image\" content=\"https:\/\/upload.wikimedia.org\/wikipedia\/commons\/b\/b7\/Flag_of_Europe.svg\" \/>\n<meta name=\"twitter:card\" content=\"summary_large_image\" \/>\n<meta name=\"twitter:label1\" content=\"Tiempo de lectura\" \/>\n\t<meta name=\"twitter:data1\" content=\"1 minuto\" \/>\n<script type=\"application\/ld+json\" class=\"yoast-schema-graph\">{\"@context\":\"https:\\\/\\\/schema.org\",\"@graph\":[{\"@type\":\"WebPage\",\"@id\":\"https:\\\/\\\/ezoco.eu\\\/granada-acoge\\\/colabora\\\/\",\"url\":\"https:\\\/\\\/ezoco.eu\\\/granada-acoge\\\/colabora\\\/\",\"name\":\"Colabora -\",\"isPartOf\":{\"@id\":\"https:\\\/\\\/ezoco.eu\\\/granada-acoge\\\/#website\"},\"primaryImageOfPage\":{\"@id\":\"https:\\\/\\\/ezoco.eu\\\/granada-acoge\\\/colabora\\\/#primaryimage\"},\"image\":{\"@id\":\"https:\\\/\\\/ezoco.eu\\\/granada-acoge\\\/colabora\\\/#primaryimage\"},\"thumbnailUrl\":\"https:\\\/\\\/upload.wikimedia.org\\\/wikipedia\\\/commons\\\/b\\\/b7\\\/Flag_of_Europe.svg\",\"datePublished\":\"2026-04-14T16:15:04+00:00\",\"dateModified\":\"2026-04-25T14:43:21+00:00\",\"breadcrumb\":{\"@id\":\"https:\\\/\\\/ezoco.eu\\\/granada-acoge\\\/colabora\\\/#breadcrumb\"},\"inLanguage\":\"es\",\"potentialAction\":[{\"@type\":\"ReadAction\",\"target\":[\"https:\\\/\\\/ezoco.eu\\\/granada-acoge\\\/colabora\\\/\"]}]},{\"@type\":\"ImageObject\",\"inLanguage\":\"es\",\"@id\":\"https:\\\/\\\/ezoco.eu\\\/granada-acoge\\\/colabora\\\/#primaryimage\",\"url\":\"https:\\\/\\\/upload.wikimedia.org\\\/wikipedia\\\/commons\\\/b\\\/b7\\\/Flag_of_Europe.svg\",\"contentUrl\":\"https:\\\/\\\/upload.wikimedia.org\\\/wikipedia\\\/commons\\\/b\\\/b7\\\/Flag_of_Europe.svg\"},{\"@type\":\"BreadcrumbList\",\"@id\":\"https:\\\/\\\/ezoco.eu\\\/granada-acoge\\\/colabora\\\/#breadcrumb\",\"itemListElement\":[{\"@type\":\"ListItem\",\"position\":1,\"name\":\"Portada\",\"item\":\"https:\\\/\\\/ezoco.eu\\\/granada-acoge\\\/\"},{\"@type\":\"ListItem\",\"position\":2,\"name\":\"Colabora\"}]},{\"@type\":\"WebSite\",\"@id\":\"https:\\\/\\\/ezoco.eu\\\/granada-acoge\\\/#website\",\"url\":\"https:\\\/\\\/ezoco.eu\\\/granada-acoge\\\/\",\"name\":\"\",\"description\":\"\",\"potentialAction\":[{\"@type\":\"SearchAction\",\"target\":{\"@type\":\"EntryPoint\",\"urlTemplate\":\"https:\\\/\\\/ezoco.eu\\\/granada-acoge\\\/?s={search_term_string}\"},\"query-input\":{\"@type\":\"PropertyValueSpecification\",\"valueRequired\":true,\"valueName\":\"search_term_string\"}}],\"inLanguage\":\"es\"}]}<\/script>\n<!-- \/ Yoast SEO plugin. -->","yoast_head_json":{"title":"Colabora -","robots":{"index":"index","follow":"follow","max-snippet":"max-snippet:-1","max-image-preview":"max-image-preview:large","max-video-preview":"max-video-preview:-1"},"canonical":"https:\/\/ezoco.eu\/granada-acoge\/colabora\/","og_locale":"es_ES","og_type":"article","og_title":"Colabora -","og_description":"Colabora con Granada Acoge Hay muchas maneras de colaborar con Granada Acoge y respaldar el trabajo que realizamos en la [&hellip;]","og_url":"https:\/\/ezoco.eu\/granada-acoge\/colabora\/","article_modified_time":"2026-04-25T14:43:21+00:00","og_image":[{"url":"https:\/\/upload.wikimedia.org\/wikipedia\/commons\/b\/b7\/Flag_of_Europe.svg","type":"","width":"","height":""}],"twitter_card":"summary_large_image","twitter_misc":{"Tiempo de lectura":"1 minuto"},"schema":{"@context":"https:\/\/schema.org","@graph":[{"@type":"WebPage","@id":"https:\/\/ezoco.eu\/granada-acoge\/colabora\/","url":"https:\/\/ezoco.eu\/granada-acoge\/colabora\/","name":"Colabora -","isPartOf":{"@id":"https:\/\/ezoco.eu\/granada-acoge\/#website"},"primaryImageOfPage":{"@id":"https:\/\/ezoco.eu\/granada-acoge\/colabora\/#primaryimage"},"image":{"@id":"https:\/\/ezoco.eu\/granada-acoge\/colabora\/#primaryimage"},"thumbnailUrl":"https:\/\/upload.wikimedia.org\/wikipedia\/commons\/b\/b7\/Flag_of_Europe.svg","datePublished":"2026-04-14T16:15:04+00:00","dateModified":"2026-04-25T14:43:21+00:00","breadcrumb":{"@id":"https:\/\/ezoco.eu\/granada-acoge\/colabora\/#breadcrumb"},"inLanguage":"es","potentialAction":[{"@type":"ReadAction","target":["https:\/\/ezoco.eu\/granada-acoge\/colabora\/"]}]},{"@type":"ImageObject","inLanguage":"es","@id":"https:\/\/ezoco.eu\/granada-acoge\/colabora\/#primaryimage","url":"https:\/\/upload.wikimedia.org\/wikipedia\/commons\/b\/b7\/Flag_of_Europe.svg","contentUrl":"https:\/\/upload.wikimedia.org\/wikipedia\/commons\/b\/b7\/Flag_of_Europe.svg"},{"@type":"BreadcrumbList","@id":"https:\/\/ezoco.eu\/granada-acoge\/colabora\/#breadcrumb","itemListElement":[{"@type":"ListItem","position":1,"name":"Portada","item":"https:\/\/ezoco.eu\/granada-acoge\/"},{"@type":"ListItem","position":2,"name":"Colabora"}]},{"@type":"WebSite","@id":"https:\/\/ezoco.eu\/granada-acoge\/#website","url":"https:\/\/ezoco.eu\/granada-acoge\/","name":"","description":"","potentialAction":[{"@type":"SearchAction","target":{"@type":"EntryPoint","urlTemplate":"https:\/\/ezoco.eu\/granada-acoge\/?s={search_term_string}"},"query-input":{"@type":"PropertyValueSpecification","valueRequired":true,"valueName":"search_term_string"}}],"inLanguage":"es"}]}},"_links":{"self":[{"href":"https:\/\/ezoco.eu\/granada-acoge\/wp-json\/wp\/v2\/pages\/19","targetHints":{"allow":["GET"]}}],"collection":[{"href":"https:\/\/ezoco.eu\/granada-acoge\/wp-json\/wp\/v2\/pages"}],"about":[{"href":"https:\/\/ezoco.eu\/granada-acoge\/wp-json\/wp\/v2\/types\/page"}],"author":[{"embeddable":true,"href":"https:\/\/ezoco.eu\/granada-acoge\/wp-json\/wp\/v2\/users\/532"}],"replies":[{"embeddable":true,"href":"https:\/\/ezoco.eu\/granada-acoge\/wp-json\/wp\/v2\/comments?post=19"}],"version-history":[{"count":43,"href":"https:\/\/ezoco.eu\/granada-acoge\/wp-json\/wp\/v2\/pages\/19\/revisions"}],"predecessor-version":[{"id":65,"href":"https:\/\/ezoco.eu\/granada-acoge\/wp-json\/wp\/v2\/pages\/19\/revisions\/65"}],"wp:attachment":[{"href":"https:\/\/ezoco.eu\/granada-acoge\/wp-json\/wp\/v2\/media?parent=19"}],"curies":[{"name":"wp","href":"https:\/\/api.w.org\/{rel}","templated":true}]}}