{"id":614,"date":"2026-01-20T17:17:29","date_gmt":"2026-01-20T16:17:29","guid":{"rendered":"https:\/\/ezoco.eu\/ilumacabinet\/?post_type=product&#038;p=614"},"modified":"2026-01-20T17:17:29","modified_gmt":"2026-01-20T16:17:29","slug":"armario-aura","status":"publish","type":"product","link":"https:\/\/ezoco.eu\/ilumacabinet\/producto\/armario-aura\/","title":{"rendered":"Armario-Aura"},"content":{"rendered":"<p>Este armario de lujo con tecnolog\u00eda de escaneo 3D de cuerpo completo, te permite visualizar c\u00f3mo queda cada prenda sin necesidad de prob\u00e1rsela. Dise\u00f1ado en un blanco minimalista de alta calidad, se convierte en el centro de control de su imagen personal, optimizando su tiempo y\u00a0 d\u00e1ndote una elecci\u00f3n correcta.<\/p>\n","protected":false},"excerpt":{"rendered":"<p>Este armario de lujo con tecnolog\u00eda de escaneo 3D de cuerpo completo, te permite visualizar c\u00f3mo queda cada prenda sin necesidad de prob\u00e1rsela. Dise\u00f1ado en un blanco minimalista de alta calidad, se convierte en el centro de control de su imagen personal, optimizando su tiempo y\u00a0 d\u00e1ndote una elecci\u00f3n correcta.<\/p>\n","protected":false},"featured_media":615,"comment_status":"open","ping_status":"closed","template":"","meta":{"inline_featured_image":false,"_genesis_hide_title":false,"_genesis_hide_breadcrumbs":false,"_genesis_hide_singular_image":false,"_genesis_hide_footer_widgets":false,"_genesis_custom_body_class":"","_genesis_custom_post_class":"","_genesis_layout":""},"product_brand":[],"product_cat":[19],"product_tag":[],"class_list":{"0":"post-614","1":"product","2":"type-product","3":"status-publish","4":"has-post-thumbnail","6":"product_cat-ilumacabinet","7":"product_shipping_class-pesado","8":"entry","10":"first","11":"instock","12":"taxable","13":"shipping-taxable","14":"purchasable","15":"product-type-simple"},"yoast_head":"<!-- This site is optimized with the Yoast SEO plugin v27.2 - https:\/\/yoast.com\/product\/yoast-seo-wordpress\/ -->\n<title>Armario-Aura - ilumacabinet<\/title>\n<meta name=\"robots\" content=\"index, follow, max-snippet:-1, max-image-preview:large, max-video-preview:-1\" \/>\n<link rel=\"canonical\" href=\"https:\/\/ezoco.eu\/ilumacabinet\/producto\/armario-aura\/\" \/>\n<meta property=\"og:locale\" content=\"es_ES\" \/>\n<meta property=\"og:type\" content=\"article\" \/>\n<meta property=\"og:title\" content=\"Armario-Aura - ilumacabinet\" \/>\n<meta property=\"og:description\" content=\"Este armario de lujo con tecnolog\u00eda de escaneo 3D de cuerpo completo, te permite visualizar c\u00f3mo queda cada prenda sin necesidad de prob\u00e1rsela. Dise\u00f1ado en un blanco minimalista de alta calidad, se convierte en el centro de control de su imagen personal, optimizando su tiempo y\u00a0 d\u00e1ndote una elecci\u00f3n correcta.\" \/>\n<meta property=\"og:url\" content=\"https:\/\/ezoco.eu\/ilumacabinet\/producto\/armario-aura\/\" \/>\n<meta property=\"og:site_name\" content=\"ilumacabinet\" \/>\n<meta property=\"og:image\" content=\"http:\/\/ezoco.eu\/ilumacabinet\/wp-content\/uploads\/sites\/12\/2026\/01\/Gemini_Generated_Image_uj6auauj6auauj6a.png\" \/>\n\t<meta property=\"og:image:width\" content=\"1072\" \/>\n\t<meta property=\"og:image:height\" content=\"818\" \/>\n\t<meta property=\"og:image:type\" content=\"image\/png\" \/>\n<meta name=\"twitter:card\" content=\"summary_large_image\" \/>\n<meta name=\"twitter:label1\" content=\"Tiempo de lectura\" \/>\n\t<meta name=\"twitter:data1\" content=\"1 minuto\" \/>\n<script type=\"application\/ld+json\" class=\"yoast-schema-graph\">{\"@context\":\"https:\/\/schema.org\",\"@graph\":[{\"@type\":\"WebPage\",\"@id\":\"https:\/\/ezoco.eu\/ilumacabinet\/producto\/armario-aura\/\",\"url\":\"https:\/\/ezoco.eu\/ilumacabinet\/producto\/armario-aura\/\",\"name\":\"Armario-Aura - ilumacabinet\",\"isPartOf\":{\"@id\":\"https:\/\/ezoco.eu\/ilumacabinet\/#website\"},\"primaryImageOfPage\":{\"@id\":\"https:\/\/ezoco.eu\/ilumacabinet\/producto\/armario-aura\/#primaryimage\"},\"image\":{\"@id\":\"https:\/\/ezoco.eu\/ilumacabinet\/producto\/armario-aura\/#primaryimage\"},\"thumbnailUrl\":\"https:\/\/ezoco.eu\/ilumacabinet\/wp-content\/uploads\/sites\/12\/2026\/01\/Gemini_Generated_Image_uj6auauj6auauj6a.png\",\"datePublished\":\"2026-01-20T16:17:29+00:00\",\"breadcrumb\":{\"@id\":\"https:\/\/ezoco.eu\/ilumacabinet\/producto\/armario-aura\/#breadcrumb\"},\"inLanguage\":\"es\",\"potentialAction\":[{\"@type\":\"ReadAction\",\"target\":[\"https:\/\/ezoco.eu\/ilumacabinet\/producto\/armario-aura\/\"]}]},{\"@type\":\"ImageObject\",\"inLanguage\":\"es\",\"@id\":\"https:\/\/ezoco.eu\/ilumacabinet\/producto\/armario-aura\/#primaryimage\",\"url\":\"https:\/\/ezoco.eu\/ilumacabinet\/wp-content\/uploads\/sites\/12\/2026\/01\/Gemini_Generated_Image_uj6auauj6auauj6a.png\",\"contentUrl\":\"https:\/\/ezoco.eu\/ilumacabinet\/wp-content\/uploads\/sites\/12\/2026\/01\/Gemini_Generated_Image_uj6auauj6auauj6a.png\",\"width\":1072,\"height\":818},{\"@type\":\"BreadcrumbList\",\"@id\":\"https:\/\/ezoco.eu\/ilumacabinet\/producto\/armario-aura\/#breadcrumb\",\"itemListElement\":[{\"@type\":\"ListItem\",\"position\":1,\"name\":\"Portada\",\"item\":\"https:\/\/ezoco.eu\/ilumacabinet\/\"},{\"@type\":\"ListItem\",\"position\":2,\"name\":\"Tienda\",\"item\":\"https:\/\/ezoco.eu\/ilumacabinet\/tienda\/\"},{\"@type\":\"ListItem\",\"position\":3,\"name\":\"Armario-Aura\"}]},{\"@type\":\"WebSite\",\"@id\":\"https:\/\/ezoco.eu\/ilumacabinet\/#website\",\"url\":\"https:\/\/ezoco.eu\/ilumacabinet\/\",\"name\":\"ilumacabinet\",\"description\":\"\",\"potentialAction\":[{\"@type\":\"SearchAction\",\"target\":{\"@type\":\"EntryPoint\",\"urlTemplate\":\"https:\/\/ezoco.eu\/ilumacabinet\/?s={search_term_string}\"},\"query-input\":{\"@type\":\"PropertyValueSpecification\",\"valueRequired\":true,\"valueName\":\"search_term_string\"}}],\"inLanguage\":\"es\"}]}<\/script>\n<!-- \/ Yoast SEO plugin. -->","yoast_head_json":{"title":"Armario-Aura - ilumacabinet","robots":{"index":"index","follow":"follow","max-snippet":"max-snippet:-1","max-image-preview":"max-image-preview:large","max-video-preview":"max-video-preview:-1"},"canonical":"https:\/\/ezoco.eu\/ilumacabinet\/producto\/armario-aura\/","og_locale":"es_ES","og_type":"article","og_title":"Armario-Aura - ilumacabinet","og_description":"Este armario de lujo con tecnolog\u00eda de escaneo 3D de cuerpo completo, te permite visualizar c\u00f3mo queda cada prenda sin necesidad de prob\u00e1rsela. Dise\u00f1ado en un blanco minimalista de alta calidad, se convierte en el centro de control de su imagen personal, optimizando su tiempo y\u00a0 d\u00e1ndote una elecci\u00f3n correcta.","og_url":"https:\/\/ezoco.eu\/ilumacabinet\/producto\/armario-aura\/","og_site_name":"ilumacabinet","og_image":[{"width":1072,"height":818,"url":"http:\/\/ezoco.eu\/ilumacabinet\/wp-content\/uploads\/sites\/12\/2026\/01\/Gemini_Generated_Image_uj6auauj6auauj6a.png","type":"image\/png"}],"twitter_card":"summary_large_image","twitter_misc":{"Tiempo de lectura":"1 minuto"},"schema":{"@context":"https:\/\/schema.org","@graph":[{"@type":"WebPage","@id":"https:\/\/ezoco.eu\/ilumacabinet\/producto\/armario-aura\/","url":"https:\/\/ezoco.eu\/ilumacabinet\/producto\/armario-aura\/","name":"Armario-Aura - ilumacabinet","isPartOf":{"@id":"https:\/\/ezoco.eu\/ilumacabinet\/#website"},"primaryImageOfPage":{"@id":"https:\/\/ezoco.eu\/ilumacabinet\/producto\/armario-aura\/#primaryimage"},"image":{"@id":"https:\/\/ezoco.eu\/ilumacabinet\/producto\/armario-aura\/#primaryimage"},"thumbnailUrl":"https:\/\/ezoco.eu\/ilumacabinet\/wp-content\/uploads\/sites\/12\/2026\/01\/Gemini_Generated_Image_uj6auauj6auauj6a.png","datePublished":"2026-01-20T16:17:29+00:00","breadcrumb":{"@id":"https:\/\/ezoco.eu\/ilumacabinet\/producto\/armario-aura\/#breadcrumb"},"inLanguage":"es","potentialAction":[{"@type":"ReadAction","target":["https:\/\/ezoco.eu\/ilumacabinet\/producto\/armario-aura\/"]}]},{"@type":"ImageObject","inLanguage":"es","@id":"https:\/\/ezoco.eu\/ilumacabinet\/producto\/armario-aura\/#primaryimage","url":"https:\/\/ezoco.eu\/ilumacabinet\/wp-content\/uploads\/sites\/12\/2026\/01\/Gemini_Generated_Image_uj6auauj6auauj6a.png","contentUrl":"https:\/\/ezoco.eu\/ilumacabinet\/wp-content\/uploads\/sites\/12\/2026\/01\/Gemini_Generated_Image_uj6auauj6auauj6a.png","width":1072,"height":818},{"@type":"BreadcrumbList","@id":"https:\/\/ezoco.eu\/ilumacabinet\/producto\/armario-aura\/#breadcrumb","itemListElement":[{"@type":"ListItem","position":1,"name":"Portada","item":"https:\/\/ezoco.eu\/ilumacabinet\/"},{"@type":"ListItem","position":2,"name":"Tienda","item":"https:\/\/ezoco.eu\/ilumacabinet\/tienda\/"},{"@type":"ListItem","position":3,"name":"Armario-Aura"}]},{"@type":"WebSite","@id":"https:\/\/ezoco.eu\/ilumacabinet\/#website","url":"https:\/\/ezoco.eu\/ilumacabinet\/","name":"ilumacabinet","description":"","potentialAction":[{"@type":"SearchAction","target":{"@type":"EntryPoint","urlTemplate":"https:\/\/ezoco.eu\/ilumacabinet\/?s={search_term_string}"},"query-input":{"@type":"PropertyValueSpecification","valueRequired":true,"valueName":"search_term_string"}}],"inLanguage":"es"}]}},"_links":{"self":[{"href":"https:\/\/ezoco.eu\/ilumacabinet\/wp-json\/wp\/v2\/product\/614","targetHints":{"allow":["GET"]}}],"collection":[{"href":"https:\/\/ezoco.eu\/ilumacabinet\/wp-json\/wp\/v2\/product"}],"about":[{"href":"https:\/\/ezoco.eu\/ilumacabinet\/wp-json\/wp\/v2\/types\/product"}],"replies":[{"embeddable":true,"href":"https:\/\/ezoco.eu\/ilumacabinet\/wp-json\/wp\/v2\/comments?post=614"}],"wp:featuredmedia":[{"embeddable":true,"href":"https:\/\/ezoco.eu\/ilumacabinet\/wp-json\/wp\/v2\/media\/615"}],"wp:attachment":[{"href":"https:\/\/ezoco.eu\/ilumacabinet\/wp-json\/wp\/v2\/media?parent=614"}],"wp:term":[{"taxonomy":"product_brand","embeddable":true,"href":"https:\/\/ezoco.eu\/ilumacabinet\/wp-json\/wp\/v2\/product_brand?post=614"},{"taxonomy":"product_cat","embeddable":true,"href":"https:\/\/ezoco.eu\/ilumacabinet\/wp-json\/wp\/v2\/product_cat?post=614"},{"taxonomy":"product_tag","embeddable":true,"href":"https:\/\/ezoco.eu\/ilumacabinet\/wp-json\/wp\/v2\/product_tag?post=614"}],"curies":[{"name":"wp","href":"https:\/\/api.w.org\/{rel}","templated":true}]}}