{"id":160,"date":"2026-01-20T21:35:53","date_gmt":"2026-01-20T20:35:53","guid":{"rendered":"https:\/\/ezoco.eu\/mocka\/?post_type=product&#038;p=160"},"modified":"2026-04-28T13:12:10","modified_gmt":"2026-04-28T11:12:10","slug":"termo","status":"publish","type":"product","link":"https:\/\/ezoco.eu\/mocka\/producto\/termo\/","title":{"rendered":"TERMO"},"content":{"rendered":"<p>Este termo destaca por su dise\u00f1o sofisticado que fusiona la funcionalidad con una est\u00e9tica de tendencia, logrando una pieza de lujo tanto t\u00e1ctil como visual. Su acabado exterior cuenta con un efecto de destellos sutiles que capturan la luz de manera delicada, complementado por una banda met\u00e1lica pulida en la parte superior que le otorga un aire arquitect\u00f3nico y moderno. El protagonismo absoluto lo tiene su patr\u00f3n de peque\u00f1os lazos distribuidos con una simetr\u00eda perfecta, lo que evoca una feminidad cl\u00e1sica y refinada sin perder el toque minimalista. Gracias a su silueta esbelta y equilibrada, este accesorio se convierte en un elemento decorativo por s\u00ed mismo, ideal para elevar cualquier espacio interior a trav\u00e9s de detalles que desprenden armon\u00eda, elegancia y un gusto exquisito por los accesorios de dise\u00f1o.<\/p>\n","protected":false},"excerpt":{"rendered":"<p>Este termo destaca por su dise\u00f1o sofisticado que fusiona la funcionalidad con una est\u00e9tica de tendencia, logrando una pieza de lujo tanto t\u00e1ctil como visual. Su acabado exterior cuenta con un efecto de destellos sutiles que capturan la luz de manera delicada, complementado por una banda met\u00e1lica pulida en la parte superior que le otorga [&hellip;]<\/p>\n","protected":false},"featured_media":164,"comment_status":"open","ping_status":"closed","template":"","meta":{"inline_featured_image":false,"_genesis_hide_title":false,"_genesis_hide_breadcrumbs":false,"_genesis_hide_singular_image":false,"_genesis_hide_footer_widgets":false,"_genesis_custom_body_class":"","_genesis_custom_post_class":"","_genesis_layout":""},"product_brand":[],"product_cat":[20],"product_tag":[],"class_list":{"0":"post-160","1":"product","2":"type-product","3":"status-publish","4":"has-post-thumbnail","6":"product_cat-accesorios","7":"entry","9":"first","10":"instock","11":"taxable","12":"shipping-taxable","13":"purchasable","14":"product-type-variable"},"yoast_head":"<!-- This site is optimized with the Yoast SEO plugin v27.2 - https:\/\/yoast.com\/product\/yoast-seo-wordpress\/ -->\n<title>TERMO -<\/title>\n<meta name=\"robots\" content=\"index, follow, max-snippet:-1, max-image-preview:large, max-video-preview:-1\" \/>\n<link rel=\"canonical\" href=\"https:\/\/ezoco.eu\/mocka\/producto\/termo\/\" \/>\n<meta property=\"og:locale\" content=\"es_ES\" \/>\n<meta property=\"og:type\" content=\"article\" \/>\n<meta property=\"og:title\" content=\"TERMO -\" \/>\n<meta property=\"og:description\" content=\"Este termo destaca por su dise\u00f1o sofisticado que fusiona la funcionalidad con una est\u00e9tica de tendencia, logrando una pieza de lujo tanto t\u00e1ctil como visual. Su acabado exterior cuenta con un efecto de destellos sutiles que capturan la luz de manera delicada, complementado por una banda met\u00e1lica pulida en la parte superior que le otorga [&hellip;]\" \/>\n<meta property=\"og:url\" content=\"https:\/\/ezoco.eu\/mocka\/producto\/termo\/\" \/>\n<meta property=\"article:modified_time\" content=\"2026-04-28T11:12:10+00:00\" \/>\n<meta property=\"og:image\" content=\"http:\/\/ezoco.eu\/mocka\/wp-content\/uploads\/sites\/10\/2026\/01\/Gemini_Generated_Image_l53r6rl53r6rl53r.png\" \/>\n\t<meta property=\"og:image:width\" content=\"1280\" \/>\n\t<meta property=\"og:image:height\" content=\"800\" \/>\n\t<meta property=\"og:image:type\" content=\"image\/png\" \/>\n<meta name=\"twitter:card\" content=\"summary_large_image\" \/>\n<meta name=\"twitter:label1\" content=\"Tiempo de lectura\" \/>\n\t<meta name=\"twitter:data1\" content=\"1 minuto\" \/>\n<script type=\"application\/ld+json\" class=\"yoast-schema-graph\">{\"@context\":\"https:\/\/schema.org\",\"@graph\":[{\"@type\":\"WebPage\",\"@id\":\"https:\/\/ezoco.eu\/mocka\/producto\/termo\/\",\"url\":\"https:\/\/ezoco.eu\/mocka\/producto\/termo\/\",\"name\":\"TERMO -\",\"isPartOf\":{\"@id\":\"https:\/\/ezoco.eu\/mocka\/#website\"},\"primaryImageOfPage\":{\"@id\":\"https:\/\/ezoco.eu\/mocka\/producto\/termo\/#primaryimage\"},\"image\":{\"@id\":\"https:\/\/ezoco.eu\/mocka\/producto\/termo\/#primaryimage\"},\"thumbnailUrl\":\"https:\/\/ezoco.eu\/mocka\/wp-content\/uploads\/sites\/10\/2026\/01\/Gemini_Generated_Image_l53r6rl53r6rl53r.png\",\"datePublished\":\"2026-01-20T20:35:53+00:00\",\"dateModified\":\"2026-04-28T11:12:10+00:00\",\"breadcrumb\":{\"@id\":\"https:\/\/ezoco.eu\/mocka\/producto\/termo\/#breadcrumb\"},\"inLanguage\":\"es\",\"potentialAction\":[{\"@type\":\"ReadAction\",\"target\":[\"https:\/\/ezoco.eu\/mocka\/producto\/termo\/\"]}]},{\"@type\":\"ImageObject\",\"inLanguage\":\"es\",\"@id\":\"https:\/\/ezoco.eu\/mocka\/producto\/termo\/#primaryimage\",\"url\":\"https:\/\/ezoco.eu\/mocka\/wp-content\/uploads\/sites\/10\/2026\/01\/Gemini_Generated_Image_l53r6rl53r6rl53r.png\",\"contentUrl\":\"https:\/\/ezoco.eu\/mocka\/wp-content\/uploads\/sites\/10\/2026\/01\/Gemini_Generated_Image_l53r6rl53r6rl53r.png\",\"width\":1280,\"height\":800},{\"@type\":\"BreadcrumbList\",\"@id\":\"https:\/\/ezoco.eu\/mocka\/producto\/termo\/#breadcrumb\",\"itemListElement\":[{\"@type\":\"ListItem\",\"position\":1,\"name\":\"Portada\",\"item\":\"https:\/\/ezoco.eu\/mocka\/\"},{\"@type\":\"ListItem\",\"position\":2,\"name\":\"Tienda\",\"item\":\"https:\/\/ezoco.eu\/mocka\/tienda\/\"},{\"@type\":\"ListItem\",\"position\":3,\"name\":\"TERMO\"}]},{\"@type\":\"WebSite\",\"@id\":\"https:\/\/ezoco.eu\/mocka\/#website\",\"url\":\"https:\/\/ezoco.eu\/mocka\/\",\"name\":\"\",\"description\":\"\",\"potentialAction\":[{\"@type\":\"SearchAction\",\"target\":{\"@type\":\"EntryPoint\",\"urlTemplate\":\"https:\/\/ezoco.eu\/mocka\/?s={search_term_string}\"},\"query-input\":{\"@type\":\"PropertyValueSpecification\",\"valueRequired\":true,\"valueName\":\"search_term_string\"}}],\"inLanguage\":\"es\"}]}<\/script>\n<!-- \/ Yoast SEO plugin. -->","yoast_head_json":{"title":"TERMO -","robots":{"index":"index","follow":"follow","max-snippet":"max-snippet:-1","max-image-preview":"max-image-preview:large","max-video-preview":"max-video-preview:-1"},"canonical":"https:\/\/ezoco.eu\/mocka\/producto\/termo\/","og_locale":"es_ES","og_type":"article","og_title":"TERMO -","og_description":"Este termo destaca por su dise\u00f1o sofisticado que fusiona la funcionalidad con una est\u00e9tica de tendencia, logrando una pieza de lujo tanto t\u00e1ctil como visual. Su acabado exterior cuenta con un efecto de destellos sutiles que capturan la luz de manera delicada, complementado por una banda met\u00e1lica pulida en la parte superior que le otorga [&hellip;]","og_url":"https:\/\/ezoco.eu\/mocka\/producto\/termo\/","article_modified_time":"2026-04-28T11:12:10+00:00","og_image":[{"width":1280,"height":800,"url":"http:\/\/ezoco.eu\/mocka\/wp-content\/uploads\/sites\/10\/2026\/01\/Gemini_Generated_Image_l53r6rl53r6rl53r.png","type":"image\/png"}],"twitter_card":"summary_large_image","twitter_misc":{"Tiempo de lectura":"1 minuto"},"schema":{"@context":"https:\/\/schema.org","@graph":[{"@type":"WebPage","@id":"https:\/\/ezoco.eu\/mocka\/producto\/termo\/","url":"https:\/\/ezoco.eu\/mocka\/producto\/termo\/","name":"TERMO -","isPartOf":{"@id":"https:\/\/ezoco.eu\/mocka\/#website"},"primaryImageOfPage":{"@id":"https:\/\/ezoco.eu\/mocka\/producto\/termo\/#primaryimage"},"image":{"@id":"https:\/\/ezoco.eu\/mocka\/producto\/termo\/#primaryimage"},"thumbnailUrl":"https:\/\/ezoco.eu\/mocka\/wp-content\/uploads\/sites\/10\/2026\/01\/Gemini_Generated_Image_l53r6rl53r6rl53r.png","datePublished":"2026-01-20T20:35:53+00:00","dateModified":"2026-04-28T11:12:10+00:00","breadcrumb":{"@id":"https:\/\/ezoco.eu\/mocka\/producto\/termo\/#breadcrumb"},"inLanguage":"es","potentialAction":[{"@type":"ReadAction","target":["https:\/\/ezoco.eu\/mocka\/producto\/termo\/"]}]},{"@type":"ImageObject","inLanguage":"es","@id":"https:\/\/ezoco.eu\/mocka\/producto\/termo\/#primaryimage","url":"https:\/\/ezoco.eu\/mocka\/wp-content\/uploads\/sites\/10\/2026\/01\/Gemini_Generated_Image_l53r6rl53r6rl53r.png","contentUrl":"https:\/\/ezoco.eu\/mocka\/wp-content\/uploads\/sites\/10\/2026\/01\/Gemini_Generated_Image_l53r6rl53r6rl53r.png","width":1280,"height":800},{"@type":"BreadcrumbList","@id":"https:\/\/ezoco.eu\/mocka\/producto\/termo\/#breadcrumb","itemListElement":[{"@type":"ListItem","position":1,"name":"Portada","item":"https:\/\/ezoco.eu\/mocka\/"},{"@type":"ListItem","position":2,"name":"Tienda","item":"https:\/\/ezoco.eu\/mocka\/tienda\/"},{"@type":"ListItem","position":3,"name":"TERMO"}]},{"@type":"WebSite","@id":"https:\/\/ezoco.eu\/mocka\/#website","url":"https:\/\/ezoco.eu\/mocka\/","name":"","description":"","potentialAction":[{"@type":"SearchAction","target":{"@type":"EntryPoint","urlTemplate":"https:\/\/ezoco.eu\/mocka\/?s={search_term_string}"},"query-input":{"@type":"PropertyValueSpecification","valueRequired":true,"valueName":"search_term_string"}}],"inLanguage":"es"}]}},"_links":{"self":[{"href":"https:\/\/ezoco.eu\/mocka\/wp-json\/wp\/v2\/product\/160","targetHints":{"allow":["GET"]}}],"collection":[{"href":"https:\/\/ezoco.eu\/mocka\/wp-json\/wp\/v2\/product"}],"about":[{"href":"https:\/\/ezoco.eu\/mocka\/wp-json\/wp\/v2\/types\/product"}],"replies":[{"embeddable":true,"href":"https:\/\/ezoco.eu\/mocka\/wp-json\/wp\/v2\/comments?post=160"}],"wp:featuredmedia":[{"embeddable":true,"href":"https:\/\/ezoco.eu\/mocka\/wp-json\/wp\/v2\/media\/164"}],"wp:attachment":[{"href":"https:\/\/ezoco.eu\/mocka\/wp-json\/wp\/v2\/media?parent=160"}],"wp:term":[{"taxonomy":"product_brand","embeddable":true,"href":"https:\/\/ezoco.eu\/mocka\/wp-json\/wp\/v2\/product_brand?post=160"},{"taxonomy":"product_cat","embeddable":true,"href":"https:\/\/ezoco.eu\/mocka\/wp-json\/wp\/v2\/product_cat?post=160"},{"taxonomy":"product_tag","embeddable":true,"href":"https:\/\/ezoco.eu\/mocka\/wp-json\/wp\/v2\/product_tag?post=160"}],"curies":[{"name":"wp","href":"https:\/\/api.w.org\/{rel}","templated":true}]}}