{"id":865,"date":"2026-02-25T11:03:19","date_gmt":"2026-02-25T10:03:19","guid":{"rendered":"https:\/\/ezoco.eu\/pecadosdelorca\/?post_type=product&#038;p=865"},"modified":"2026-03-06T18:12:26","modified_gmt":"2026-03-06T17:12:26","slug":"caja-gourmet","status":"publish","type":"product","link":"https:\/\/ezoco.eu\/pecadosdelorca\/producto\/caja-gourmet\/","title":{"rendered":"Caja gourmet"},"content":{"rendered":"\t\t<div data-elementor-type=\"product-post\" data-elementor-id=\"865\" class=\"elementor elementor-865\" data-elementor-post-type=\"product\">\n\t\t\t\t<div class=\"elementor-element elementor-element-12efe874 e-flex e-con-boxed e-con e-parent\" data-id=\"12efe874\" data-element_type=\"container\" data-e-type=\"container\">\n\t\t\t\t\t<div class=\"e-con-inner\">\n\t\t\t\t<div class=\"elementor-element elementor-element-32755b57 elementor-widget elementor-widget-text-editor\" data-id=\"32755b57\" data-element_type=\"widget\" data-e-type=\"widget\" data-widget_type=\"text-editor.default\">\n\t\t\t\t\t\t\t\t\t<p data-start=\"18\" data-end=\"305\">Descubre el placer de elegir cada detalle con nuestra <strong data-start=\"72\" data-end=\"106\">caja de bombones personalizada<\/strong>. Selecciona tus sabores favoritos, combina texturas y crea una selecci\u00f3n \u00fanica pensada para ti o para sorprender a alguien especial. Cada bomb\u00f3n es una peque\u00f1a obra de arte llena de sabor y dulzura.<\/p>\r\n<p data-start=\"307\" data-end=\"374\">Perfecta para regalar, celebrar o simplemente darte un capricho.<\/p>\r\n<p data-start=\"376\" data-end=\"494\" data-is-last-node=\"\" data-is-only-node=\"\"><br data-start=\"384\" data-end=\"387\" \/><strong data-start=\"390\" data-end=\"494\" data-is-last-node=\"\">Crea ahora tu caja de bombones personalizada y disfruta del chocolate exactamente como m\u00e1s te gusta.<\/strong><\/p>\t\t\t\t\t\t\t\t<\/div>\n\t\t\t\t\t<\/div>\n\t\t\t\t<\/div>\n\t\t\t\t<\/div>\n\t\t","protected":false},"excerpt":{"rendered":"<p>Descubre el placer de elegir cada detalle con nuestra caja de bombones personalizada. Selecciona tus sabores favoritos, combina texturas y crea una selecci\u00f3n \u00fanica pensada para ti o para sorprender a alguien especial. Cada bomb\u00f3n es una peque\u00f1a obra de arte llena de sabor y dulzura. Perfecta para regalar, celebrar o simplemente darte un capricho. [&hellip;]<\/p>\n","protected":false},"featured_media":558,"comment_status":"open","ping_status":"closed","template":"","meta":{"inline_featured_image":false,"_genesis_hide_title":false,"_genesis_hide_breadcrumbs":false,"_genesis_hide_singular_image":false,"_genesis_hide_footer_widgets":false,"_genesis_custom_body_class":"","_genesis_custom_post_class":"","_genesis_layout":""},"product_brand":[],"product_cat":[24,18,26,25,23],"product_tag":[],"class_list":{"0":"post-865","1":"product","2":"type-product","3":"status-publish","4":"has-post-thumbnail","6":"product_cat-bocados-con-alma","7":"product_cat-cremosos","8":"product_cat-edicionespecial","9":"product_cat-libresdepecado","10":"product_cat-otros","11":"entry","13":"first","14":"instock","15":"featured","16":"taxable","17":"shipping-taxable","18":"purchasable","19":"product-type-variable"},"yoast_head":"<!-- This site is optimized with the Yoast SEO plugin v27.2 - https:\/\/yoast.com\/product\/yoast-seo-wordpress\/ -->\n<title>Caja gourmet - Pecados de Lorca<\/title>\n<meta name=\"description\" content=\"\u201cPecados con Alma: descubre chocolates y dulces artesanales que despiertan todos tus sentidos. Sabor, pasi\u00f3n y momentos inolvidables en cada bocado.\u201d\" \/>\n<meta name=\"robots\" content=\"index, follow, max-snippet:-1, max-image-preview:large, max-video-preview:-1\" \/>\n<link rel=\"canonical\" href=\"https:\/\/ezoco.eu\/pecadosdelorca\/producto\/caja-gourmet\/\" \/>\n<meta property=\"og:locale\" content=\"es_ES\" \/>\n<meta property=\"og:type\" content=\"article\" \/>\n<meta property=\"og:title\" content=\"Caja gourmet - Pecados de Lorca\" \/>\n<meta property=\"og:description\" content=\"\u201cPecados con Alma: descubre chocolates y dulces artesanales que despiertan todos tus sentidos. Sabor, pasi\u00f3n y momentos inolvidables en cada bocado.\u201d\" \/>\n<meta property=\"og:url\" content=\"https:\/\/ezoco.eu\/pecadosdelorca\/producto\/caja-gourmet\/\" \/>\n<meta property=\"og:site_name\" content=\"Pecados de Lorca\" \/>\n<meta property=\"article:modified_time\" content=\"2026-03-06T17:12:26+00:00\" \/>\n<meta property=\"og:image\" content=\"http:\/\/ezoco.eu\/pecadosdelorca\/wp-content\/uploads\/sites\/162\/2026\/02\/Captura-de-pantalla-de-2026-02-22-05-42-58.png\" \/>\n\t<meta property=\"og:image:width\" content=\"334\" \/>\n\t<meta property=\"og:image:height\" content=\"317\" \/>\n\t<meta property=\"og:image:type\" content=\"image\/png\" \/>\n<meta name=\"twitter:card\" content=\"summary_large_image\" \/>\n<script type=\"application\/ld+json\" class=\"yoast-schema-graph\">{\"@context\":\"https:\/\/schema.org\",\"@graph\":[{\"@type\":\"WebPage\",\"@id\":\"https:\/\/ezoco.eu\/pecadosdelorca\/producto\/caja-gourmet\/\",\"url\":\"https:\/\/ezoco.eu\/pecadosdelorca\/producto\/caja-gourmet\/\",\"name\":\"Caja gourmet - Pecados de Lorca\",\"isPartOf\":{\"@id\":\"https:\/\/ezoco.eu\/pecadosdelorca\/#website\"},\"primaryImageOfPage\":{\"@id\":\"https:\/\/ezoco.eu\/pecadosdelorca\/producto\/caja-gourmet\/#primaryimage\"},\"image\":{\"@id\":\"https:\/\/ezoco.eu\/pecadosdelorca\/producto\/caja-gourmet\/#primaryimage\"},\"thumbnailUrl\":\"https:\/\/ezoco.eu\/pecadosdelorca\/wp-content\/uploads\/sites\/162\/2026\/02\/Captura-de-pantalla-de-2026-02-22-05-42-58.png\",\"datePublished\":\"2026-02-25T10:03:19+00:00\",\"dateModified\":\"2026-03-06T17:12:26+00:00\",\"description\":\"\u201cPecados con Alma: descubre chocolates y dulces artesanales que despiertan todos tus sentidos. Sabor, pasi\u00f3n y momentos inolvidables en cada bocado.\u201d\",\"breadcrumb\":{\"@id\":\"https:\/\/ezoco.eu\/pecadosdelorca\/producto\/caja-gourmet\/#breadcrumb\"},\"inLanguage\":\"es\",\"potentialAction\":[{\"@type\":\"ReadAction\",\"target\":[\"https:\/\/ezoco.eu\/pecadosdelorca\/producto\/caja-gourmet\/\"]}]},{\"@type\":\"ImageObject\",\"inLanguage\":\"es\",\"@id\":\"https:\/\/ezoco.eu\/pecadosdelorca\/producto\/caja-gourmet\/#primaryimage\",\"url\":\"https:\/\/ezoco.eu\/pecadosdelorca\/wp-content\/uploads\/sites\/162\/2026\/02\/Captura-de-pantalla-de-2026-02-22-05-42-58.png\",\"contentUrl\":\"https:\/\/ezoco.eu\/pecadosdelorca\/wp-content\/uploads\/sites\/162\/2026\/02\/Captura-de-pantalla-de-2026-02-22-05-42-58.png\",\"width\":334,\"height\":317},{\"@type\":\"BreadcrumbList\",\"@id\":\"https:\/\/ezoco.eu\/pecadosdelorca\/producto\/caja-gourmet\/#breadcrumb\",\"itemListElement\":[{\"@type\":\"ListItem\",\"position\":1,\"name\":\"Portada\",\"item\":\"https:\/\/ezoco.eu\/pecadosdelorca\/\"},{\"@type\":\"ListItem\",\"position\":2,\"name\":\"Tienda\",\"item\":\"https:\/\/ezoco.eu\/pecadosdelorca\/tienda\/\"},{\"@type\":\"ListItem\",\"position\":3,\"name\":\"Caja gourmet\"}]},{\"@type\":\"WebSite\",\"@id\":\"https:\/\/ezoco.eu\/pecadosdelorca\/#website\",\"url\":\"https:\/\/ezoco.eu\/pecadosdelorca\/\",\"name\":\"Pecados de Lorca\",\"description\":\"Obrador artesanal de bomboner\u00eda gourmet con inspiraci\u00f3n literaria\",\"publisher\":{\"@id\":\"https:\/\/ezoco.eu\/pecadosdelorca\/#organization\"},\"potentialAction\":[{\"@type\":\"SearchAction\",\"target\":{\"@type\":\"EntryPoint\",\"urlTemplate\":\"https:\/\/ezoco.eu\/pecadosdelorca\/?s={search_term_string}\"},\"query-input\":{\"@type\":\"PropertyValueSpecification\",\"valueRequired\":true,\"valueName\":\"search_term_string\"}}],\"inLanguage\":\"es\"},{\"@type\":\"Organization\",\"@id\":\"https:\/\/ezoco.eu\/pecadosdelorca\/#organization\",\"name\":\"Pecados de Lorca\",\"url\":\"https:\/\/ezoco.eu\/pecadosdelorca\/\",\"logo\":{\"@type\":\"ImageObject\",\"inLanguage\":\"es\",\"@id\":\"https:\/\/ezoco.eu\/pecadosdelorca\/#\/schema\/logo\/image\/\",\"url\":\"https:\/\/ezoco.eu\/pecadosdelorca\/wp-content\/uploads\/sites\/162\/2026\/02\/cropped-Captura-de-pantalla-de-2026-02-15-09-49-02.png\",\"contentUrl\":\"https:\/\/ezoco.eu\/pecadosdelorca\/wp-content\/uploads\/sites\/162\/2026\/02\/cropped-Captura-de-pantalla-de-2026-02-15-09-49-02.png\",\"width\":512,\"height\":512,\"caption\":\"Pecados de Lorca\"},\"image\":{\"@id\":\"https:\/\/ezoco.eu\/pecadosdelorca\/#\/schema\/logo\/image\/\"}}]}<\/script>\n<!-- \/ Yoast SEO plugin. -->","yoast_head_json":{"title":"Caja gourmet - Pecados de Lorca","description":"\u201cPecados con Alma: descubre chocolates y dulces artesanales que despiertan todos tus sentidos. Sabor, pasi\u00f3n y momentos inolvidables en cada bocado.\u201d","robots":{"index":"index","follow":"follow","max-snippet":"max-snippet:-1","max-image-preview":"max-image-preview:large","max-video-preview":"max-video-preview:-1"},"canonical":"https:\/\/ezoco.eu\/pecadosdelorca\/producto\/caja-gourmet\/","og_locale":"es_ES","og_type":"article","og_title":"Caja gourmet - Pecados de Lorca","og_description":"\u201cPecados con Alma: descubre chocolates y dulces artesanales que despiertan todos tus sentidos. Sabor, pasi\u00f3n y momentos inolvidables en cada bocado.\u201d","og_url":"https:\/\/ezoco.eu\/pecadosdelorca\/producto\/caja-gourmet\/","og_site_name":"Pecados de Lorca","article_modified_time":"2026-03-06T17:12:26+00:00","og_image":[{"width":334,"height":317,"url":"http:\/\/ezoco.eu\/pecadosdelorca\/wp-content\/uploads\/sites\/162\/2026\/02\/Captura-de-pantalla-de-2026-02-22-05-42-58.png","type":"image\/png"}],"twitter_card":"summary_large_image","schema":{"@context":"https:\/\/schema.org","@graph":[{"@type":"WebPage","@id":"https:\/\/ezoco.eu\/pecadosdelorca\/producto\/caja-gourmet\/","url":"https:\/\/ezoco.eu\/pecadosdelorca\/producto\/caja-gourmet\/","name":"Caja gourmet - Pecados de Lorca","isPartOf":{"@id":"https:\/\/ezoco.eu\/pecadosdelorca\/#website"},"primaryImageOfPage":{"@id":"https:\/\/ezoco.eu\/pecadosdelorca\/producto\/caja-gourmet\/#primaryimage"},"image":{"@id":"https:\/\/ezoco.eu\/pecadosdelorca\/producto\/caja-gourmet\/#primaryimage"},"thumbnailUrl":"https:\/\/ezoco.eu\/pecadosdelorca\/wp-content\/uploads\/sites\/162\/2026\/02\/Captura-de-pantalla-de-2026-02-22-05-42-58.png","datePublished":"2026-02-25T10:03:19+00:00","dateModified":"2026-03-06T17:12:26+00:00","description":"\u201cPecados con Alma: descubre chocolates y dulces artesanales que despiertan todos tus sentidos. Sabor, pasi\u00f3n y momentos inolvidables en cada bocado.\u201d","breadcrumb":{"@id":"https:\/\/ezoco.eu\/pecadosdelorca\/producto\/caja-gourmet\/#breadcrumb"},"inLanguage":"es","potentialAction":[{"@type":"ReadAction","target":["https:\/\/ezoco.eu\/pecadosdelorca\/producto\/caja-gourmet\/"]}]},{"@type":"ImageObject","inLanguage":"es","@id":"https:\/\/ezoco.eu\/pecadosdelorca\/producto\/caja-gourmet\/#primaryimage","url":"https:\/\/ezoco.eu\/pecadosdelorca\/wp-content\/uploads\/sites\/162\/2026\/02\/Captura-de-pantalla-de-2026-02-22-05-42-58.png","contentUrl":"https:\/\/ezoco.eu\/pecadosdelorca\/wp-content\/uploads\/sites\/162\/2026\/02\/Captura-de-pantalla-de-2026-02-22-05-42-58.png","width":334,"height":317},{"@type":"BreadcrumbList","@id":"https:\/\/ezoco.eu\/pecadosdelorca\/producto\/caja-gourmet\/#breadcrumb","itemListElement":[{"@type":"ListItem","position":1,"name":"Portada","item":"https:\/\/ezoco.eu\/pecadosdelorca\/"},{"@type":"ListItem","position":2,"name":"Tienda","item":"https:\/\/ezoco.eu\/pecadosdelorca\/tienda\/"},{"@type":"ListItem","position":3,"name":"Caja gourmet"}]},{"@type":"WebSite","@id":"https:\/\/ezoco.eu\/pecadosdelorca\/#website","url":"https:\/\/ezoco.eu\/pecadosdelorca\/","name":"Pecados de Lorca","description":"Obrador artesanal de bomboner\u00eda gourmet con inspiraci\u00f3n literaria","publisher":{"@id":"https:\/\/ezoco.eu\/pecadosdelorca\/#organization"},"potentialAction":[{"@type":"SearchAction","target":{"@type":"EntryPoint","urlTemplate":"https:\/\/ezoco.eu\/pecadosdelorca\/?s={search_term_string}"},"query-input":{"@type":"PropertyValueSpecification","valueRequired":true,"valueName":"search_term_string"}}],"inLanguage":"es"},{"@type":"Organization","@id":"https:\/\/ezoco.eu\/pecadosdelorca\/#organization","name":"Pecados de Lorca","url":"https:\/\/ezoco.eu\/pecadosdelorca\/","logo":{"@type":"ImageObject","inLanguage":"es","@id":"https:\/\/ezoco.eu\/pecadosdelorca\/#\/schema\/logo\/image\/","url":"https:\/\/ezoco.eu\/pecadosdelorca\/wp-content\/uploads\/sites\/162\/2026\/02\/cropped-Captura-de-pantalla-de-2026-02-15-09-49-02.png","contentUrl":"https:\/\/ezoco.eu\/pecadosdelorca\/wp-content\/uploads\/sites\/162\/2026\/02\/cropped-Captura-de-pantalla-de-2026-02-15-09-49-02.png","width":512,"height":512,"caption":"Pecados de Lorca"},"image":{"@id":"https:\/\/ezoco.eu\/pecadosdelorca\/#\/schema\/logo\/image\/"}}]}},"_links":{"self":[{"href":"https:\/\/ezoco.eu\/pecadosdelorca\/wp-json\/wp\/v2\/product\/865","targetHints":{"allow":["GET"]}}],"collection":[{"href":"https:\/\/ezoco.eu\/pecadosdelorca\/wp-json\/wp\/v2\/product"}],"about":[{"href":"https:\/\/ezoco.eu\/pecadosdelorca\/wp-json\/wp\/v2\/types\/product"}],"replies":[{"embeddable":true,"href":"https:\/\/ezoco.eu\/pecadosdelorca\/wp-json\/wp\/v2\/comments?post=865"}],"version-history":[{"count":5,"href":"https:\/\/ezoco.eu\/pecadosdelorca\/wp-json\/wp\/v2\/product\/865\/revisions"}],"predecessor-version":[{"id":1042,"href":"https:\/\/ezoco.eu\/pecadosdelorca\/wp-json\/wp\/v2\/product\/865\/revisions\/1042"}],"wp:featuredmedia":[{"embeddable":true,"href":"https:\/\/ezoco.eu\/pecadosdelorca\/wp-json\/wp\/v2\/media\/558"}],"wp:attachment":[{"href":"https:\/\/ezoco.eu\/pecadosdelorca\/wp-json\/wp\/v2\/media?parent=865"}],"wp:term":[{"taxonomy":"product_brand","embeddable":true,"href":"https:\/\/ezoco.eu\/pecadosdelorca\/wp-json\/wp\/v2\/product_brand?post=865"},{"taxonomy":"product_cat","embeddable":true,"href":"https:\/\/ezoco.eu\/pecadosdelorca\/wp-json\/wp\/v2\/product_cat?post=865"},{"taxonomy":"product_tag","embeddable":true,"href":"https:\/\/ezoco.eu\/pecadosdelorca\/wp-json\/wp\/v2\/product_tag?post=865"}],"curies":[{"name":"wp","href":"https:\/\/api.w.org\/{rel}","templated":true}]}}